Last updated on 2025-02-19 07:53:38 CET.
Flavor | Version | Tinstall | Tcheck | Ttotal | Status | Flags |
---|---|---|---|---|---|---|
r-devel-linux-x86_64-debian-clang | 1.4.4 | 6.37 | 113.08 | 119.45 | OK | |
r-devel-linux-x86_64-debian-gcc | 1.4.4 | 5.48 | 74.70 | 80.18 | OK | |
r-devel-linux-x86_64-fedora-clang | 1.4.4 | 201.55 | OK | |||
r-devel-linux-x86_64-fedora-gcc | 1.4.4 | 194.48 | OK | |||
r-devel-macos-arm64 | 1.4.4 | 71.00 | OK | |||
r-devel-macos-x86_64 | 1.4.4 | 126.00 | OK | |||
r-devel-windows-x86_64 | 1.4.4 | 7.00 | 157.00 | 164.00 | OK | |
r-patched-linux-x86_64 | 1.4.4 | 6.97 | 104.66 | 111.63 | OK | |
r-release-linux-x86_64 | 1.4.4 | 5.32 | 104.23 | 109.55 | OK | |
r-release-macos-arm64 | 1.4.4 | 65.00 | OK | |||
r-release-macos-x86_64 | 1.4.4 | 95.00 | OK | |||
r-release-windows-x86_64 | 1.4.4 | 8.00 | 3.00 | 11.00 | FAIL | |
r-oldrel-macos-arm64 | 1.4.4 | 65.00 | OK | |||
r-oldrel-macos-x86_64 | 1.4.4 | 134.00 | OK | |||
r-oldrel-windows-x86_64 | 1.4.4 | 9.00 | 169.00 | 178.00 | OK |
Version: 1.4.4
Check: package dependencies
Result: FAIL
Flavor: r-release-windows-x86_64