Last updated on 2025-11-02 07:50:01 CET.
| Flavor | Version | Tinstall | Tcheck | Ttotal | Status | Flags |
|---|---|---|---|---|---|---|
| r-devel-linux-x86_64-debian-clang | 0.2.3 | 3.78 | 32.95 | 36.73 | NOTE | |
| r-devel-linux-x86_64-debian-gcc | 0.2.3 | 2.86 | 26.13 | 28.99 | NOTE | |
| r-devel-linux-x86_64-fedora-clang | 0.2.3 | 54.51 | NOTE | |||
| r-devel-linux-x86_64-fedora-gcc | 0.2.3 | 51.73 | NOTE | |||
| r-devel-windows-x86_64 | 0.2.3 | 6.00 | 50.00 | 56.00 | NOTE | |
| r-patched-linux-x86_64 | 0.2.3 | 3.52 | 31.37 | 34.89 | NOTE | |
| r-release-linux-x86_64 | 0.2.3 | 3.74 | 31.07 | 34.81 | NOTE | |
| r-release-macos-arm64 | 0.2.3 | 2.00 | 19.00 | 21.00 | NOTE | |
| r-release-macos-x86_64 | 0.2.3 | 3.00 | 31.00 | 34.00 | NOTE | |
| r-release-windows-x86_64 | 0.2.3 | 6.00 | 50.00 | 56.00 | NOTE | |
| r-oldrel-macos-arm64 | 0.2.3 | 2.00 | 18.00 | 20.00 | NOTE | |
| r-oldrel-macos-x86_64 | 0.2.3 | 3.00 | 26.00 | 29.00 | NOTE | |
| r-oldrel-windows-x86_64 | 0.2.3 | 7.00 | 58.00 | 65.00 | NOTE |
Version: 0.2.3
Check: Rd files
Result: NOTE
checkRd: (-1) create_unit_tests.Rd:17: Lost braces; missing escapes or markup?
17 | Create `{testthat}` test cases for the code.
| ^
Flavors: r-devel-linux-x86_64-debian-clang, r-devel-linux-x86_64-debian-gcc, r-devel-linux-x86_64-fedora-clang, r-devel-linux-x86_64-fedora-gcc, r-devel-windows-x86_64, r-patched-linux-x86_64, r-release-linux-x86_64, r-release-macos-arm64, r-release-macos-x86_64, r-release-windows-x86_64, r-oldrel-macos-arm64, r-oldrel-macos-x86_64, r-oldrel-windows-x86_64