Last updated on 2024-07-26 07:51:42 CEST.
Flavor | Version | Tinstall | Tcheck | Ttotal | Status | Flags |
---|---|---|---|---|---|---|
r-devel-linux-x86_64-debian-clang | 1.0.2 | 9.31 | 202.14 | 211.45 | OK | |
r-devel-linux-x86_64-debian-gcc | 1.0.2 | 7.74 | 145.73 | 153.47 | NOTE | |
r-devel-linux-x86_64-fedora-clang | 1.0.2 | 248.41 | OK | |||
r-devel-linux-x86_64-fedora-gcc | 1.0.2 | 232.88 | OK | |||
r-devel-windows-x86_64 | 1.0.2 | 12.00 | 161.00 | 173.00 | NOTE | |
r-patched-linux-x86_64 | 1.0.2 | OK | ||||
r-release-linux-x86_64 | 1.0.2 | 7.56 | 192.94 | 200.50 | OK | |
r-release-macos-arm64 | 1.0.2 | 69.00 | OK | |||
r-release-macos-x86_64 | 1.0.2 | 105.00 | OK | |||
r-release-windows-x86_64 | 1.0.2 | 10.00 | 163.00 | 173.00 | OK | |
r-oldrel-macos-arm64 | 1.0.2 | 75.00 | OK | |||
r-oldrel-macos-x86_64 | 1.0.2 | 136.00 | OK | |||
r-oldrel-windows-x86_64 | 1.0.2 | 13.00 | 196.00 | 209.00 | OK |
Version: 1.0.2
Check: Rd cross-references
Result: NOTE
Found the following Rd file(s) with Rd \link{} targets missing package
anchors:
cpt.geo-class.Rd: ggplot2
data.set.Rd: data.set-methods
data.set_-.Rd: data.set<--methods
pen.value.Rd: pen.value-methods
pen.value_-.Rd: pen.value<--methods
test.stat.Rd: test.stat-methods
test.stat_-.Rd: test.stat<--methods
Please provide package anchors for all Rd \link{} targets not in the
package itself and the base packages.
Flavors: r-devel-linux-x86_64-debian-gcc, r-devel-windows-x86_64