CRAN Package Check Results for Package cfid

Last updated on 2025-02-19 07:53:38 CET.

Flavor Version Tinstall Tcheck Ttotal Status Flags
r-devel-linux-x86_64-debian-clang 0.1.7 3.79 34.14 37.93 OK
r-devel-linux-x86_64-debian-gcc 0.1.7 2.96 23.59 26.55 OK
r-devel-linux-x86_64-fedora-clang 0.1.7 63.31 OK
r-devel-linux-x86_64-fedora-gcc 0.1.7 57.68 OK
r-devel-macos-arm64 0.1.7 25.00 OK
r-devel-macos-x86_64 0.1.7 36.00 OK
r-devel-windows-x86_64 0.1.7 5.00 55.00 60.00 OK
r-patched-linux-x86_64 0.1.7 3.89 31.73 35.62 OK
r-release-linux-x86_64 0.1.7 3.69 32.41 36.10 OK
r-release-macos-arm64 0.1.7 27.00 OK
r-release-macos-x86_64 0.1.7 31.00 OK
r-release-windows-x86_64 0.1.7 5.00 3.00 8.00 FAIL
r-oldrel-macos-arm64 0.1.7 25.00 OK
r-oldrel-macos-x86_64 0.1.7 56.00 OK
r-oldrel-windows-x86_64 0.1.7 6.00 61.00 67.00 OK

Check Details

Version: 0.1.7
Check: package dependencies
Result: FAIL
Flavor: r-release-windows-x86_64