CRAN Package Check Results for Package cellGeometry

Last updated on 2025-11-01 07:48:34 CET.

Flavor Version Tinstall Tcheck Ttotal Status Flags
r-devel-linux-x86_64-debian-clang 0.5.4 55.16 448.37 503.53 OK
r-devel-linux-x86_64-debian-gcc 0.5.4 38.23 331.22 369.45 OK
r-devel-linux-x86_64-fedora-clang 0.5.4 321.00 546.69 867.69 OK
r-devel-linux-x86_64-fedora-gcc 0.5.4 533.00 316.04 849.04 OK
r-devel-windows-x86_64 0.5.4 57.00 368.00 425.00 OK
r-patched-linux-x86_64 0.5.4 0.33 1.96 2.29 ERROR
r-release-linux-x86_64 0.5.4 54.16 426.47 480.63 OK
r-release-macos-arm64 0.5.4 27.00 180.00 207.00 OK
r-release-macos-x86_64 0.5.4 79.00 406.00 485.00 OK
r-release-windows-x86_64 0.5.4 55.00 370.00 425.00 OK
r-oldrel-macos-arm64 0.5.4 24.00 182.00 206.00 OK
r-oldrel-macos-x86_64 0.5.4 66.00 412.00 478.00 OK
r-oldrel-windows-x86_64 0.5.4 77.00 517.00 594.00 OK

Check Details

Version: 0.5.4
Check: package dependencies
Result: ERROR Packages required but not available: 'DelayedArray', 'ensembldb' See section ‘The DESCRIPTION file’ in the ‘Writing R Extensions’ manual. Flavor: r-patched-linux-x86_64