CRAN Package Check Results for Package cdlei

Last updated on 2025-10-13 07:49:47 CEST.

Flavor Version Tinstall Tcheck Ttotal Status Flags
r-devel-linux-x86_64-debian-clang 1.0 1.68 19.34 21.02 NOTE
r-devel-linux-x86_64-debian-gcc 1.0 1.40 15.67 17.07 NOTE
r-devel-linux-x86_64-fedora-clang 1.0 25.60 OK
r-devel-linux-x86_64-fedora-gcc 1.0 29.03 OK
r-devel-windows-x86_64 1.0 3.00 35.00 38.00 OK
r-patched-linux-x86_64 1.0 1.66 18.04 19.70 OK
r-release-linux-x86_64 1.0 1.63 18.26 19.89 OK
r-release-macos-arm64 1.0 15.00 OK
r-release-macos-x86_64 1.0 22.00 OK
r-release-windows-x86_64 1.0 3.00 38.00 41.00 OK
r-oldrel-macos-arm64 1.0 20.00 OK
r-oldrel-macos-x86_64 1.0 21.00 OK
r-oldrel-windows-x86_64 1.0 3.00 35.00 38.00 OK

Check Details

Version: 1.0
Check: CRAN incoming feasibility
Result: NOTE Maintainer: ‘Alicja Wolny-Dominiak <woali@ue.katowice.pl>’ No Authors@R field in DESCRIPTION. Please add one, modifying Authors@R: c(person(given = "Peter", family = "Adamic", role = "aut"), person(given = "Alicja", family = "Wolny-Dominiak", role = c("aut", "cre"), email = "woali@ue.katowice.pl")) as necessary. Flavors: r-devel-linux-x86_64-debian-clang, r-devel-linux-x86_64-debian-gcc