Last updated on 2024-05-11 07:51:24 CEST.
Flavor | Version | Tinstall | Tcheck | Ttotal | Status | Flags |
---|---|---|---|---|---|---|
r-devel-linux-x86_64-debian-clang | 1.2.0 | 4.33 | 170.54 | 174.87 | OK | |
r-devel-linux-x86_64-debian-gcc | 1.2.0 | 2.94 | 105.90 | 108.84 | OK | |
r-devel-linux-x86_64-fedora-clang | 1.2.0 | 202.85 | NOTE | |||
r-devel-linux-x86_64-fedora-gcc | 1.2.0 | 202.27 | NOTE | |||
r-devel-windows-x86_64 | 1.2.0 | 4.00 | 142.00 | 146.00 | OK | |
r-patched-linux-x86_64 | 1.2.0 | 3.59 | 160.83 | 164.42 | OK | |
r-release-linux-x86_64 | 1.2.0 | 3.35 | 161.38 | 164.73 | OK | |
r-release-macos-arm64 | 1.2.0 | 51.00 | OK | |||
r-release-windows-x86_64 | 1.2.0 | 5.00 | 140.00 | 145.00 | OK | |
r-oldrel-macos-arm64 | 1.2.0 | 57.00 | OK | |||
r-oldrel-macos-x86_64 | 1.2.0 | 89.00 | OK | |||
r-oldrel-windows-x86_64 | 1.2.0 | 5.00 | 153.00 | 158.00 | OK |
Version: 1.2.0
Check: dependencies in R code
Result: NOTE
Namespace in Imports field not imported from: ‘GeneNet’
All declared Imports should be used.
Flavors: r-devel-linux-x86_64-fedora-clang, r-devel-linux-x86_64-fedora-gcc