Last updated on 2025-02-17 07:50:29 CET.
Flavor | Version | Tinstall | Tcheck | Ttotal | Status | Flags |
---|---|---|---|---|---|---|
r-devel-linux-x86_64-debian-clang | 1.0.2 | 3.44 | 34.01 | 37.45 | NOTE | |
r-devel-linux-x86_64-debian-gcc | 1.0.2 | 2.60 | 26.66 | 29.26 | NOTE | |
r-devel-linux-x86_64-fedora-clang | 1.0.2 | 61.52 | NOTE | |||
r-devel-linux-x86_64-fedora-gcc | 1.0.2 | 57.14 | NOTE | |||
r-devel-macos-arm64 | 1.0.2 | 25.00 | NOTE | |||
r-devel-macos-x86_64 | 1.0.2 | 65.00 | NOTE | |||
r-devel-windows-x86_64 | 1.0.2 | 5.00 | 52.00 | 57.00 | NOTE | |
r-patched-linux-x86_64 | 1.0.2 | 3.09 | 31.73 | 34.82 | NOTE | |
r-release-linux-x86_64 | 1.0.2 | 2.95 | 32.25 | 35.20 | NOTE | |
r-release-macos-arm64 | 1.0.2 | 24.00 | NOTE | |||
r-release-macos-x86_64 | 1.0.2 | 56.00 | NOTE | |||
r-release-windows-x86_64 | 1.0.2 | 5.00 | 52.00 | 57.00 | NOTE | |
r-oldrel-macos-arm64 | 1.0.2 | 21.00 | OK | |||
r-oldrel-macos-x86_64 | 1.0.2 | 33.00 | OK | |||
r-oldrel-windows-x86_64 | 1.0.2 | 5.00 | 78.00 | 83.00 | OK |
Version: 1.0.2
Check: Rd files
Result: NOTE
checkRd: (-1) CUR.Rd:25: Lost braces; missing escapes or markup?
25 | The number of low-dimension of C (J1 < {N,M}).
| ^
checkRd: (-1) CUR.Rd:29: Lost braces; missing escapes or markup?
29 | The number of low-dimension of R (J2 < {N,M}).
| ^
checkRd: (-1) CX.Rd:23: Lost braces; missing escapes or markup?
23 | The number of low-dimension (J < {N,M}).
| ^
Flavors: r-devel-linux-x86_64-debian-clang, r-devel-linux-x86_64-debian-gcc, r-devel-linux-x86_64-fedora-clang, r-devel-linux-x86_64-fedora-gcc, r-devel-macos-arm64, r-devel-macos-x86_64, r-devel-windows-x86_64, r-patched-linux-x86_64, r-release-linux-x86_64, r-release-macos-arm64, r-release-macos-x86_64, r-release-windows-x86_64
Version: 1.0.2
Check: dependencies in R code
Result: NOTE
Namespace in Imports field not imported from: ‘fields’
All declared Imports should be used.
Flavors: r-devel-linux-x86_64-fedora-clang, r-devel-linux-x86_64-fedora-gcc