Last updated on 2024-05-09 07:56:41 CEST.
Flavor | Version | Tinstall | Tcheck | Ttotal | Status | Flags |
---|---|---|---|---|---|---|
r-devel-linux-x86_64-debian-clang | 1.1.0 | 20.94 | 127.19 | 148.13 | OK | |
r-devel-linux-x86_64-debian-gcc | 1.1.0 | 15.64 | 90.60 | 106.24 | OK | |
r-devel-linux-x86_64-fedora-clang | 1.1.0 | 179.25 | NOTE | |||
r-devel-linux-x86_64-fedora-gcc | 1.1.0 | 231.58 | NOTE | |||
r-devel-windows-x86_64 | 1.1.0 | 19.00 | 107.00 | 126.00 | OK | |
r-patched-linux-x86_64 | 1.1.0 | 17.22 | 117.12 | 134.34 | OK | |
r-release-linux-x86_64 | 1.1.0 | 16.57 | 117.95 | 134.52 | OK | |
r-release-macos-arm64 | 1.1.0 | 50.00 | OK | |||
r-release-macos-x86_64 | 1.1.0 | 118.00 | OK | |||
r-release-windows-x86_64 | 1.1.0 | 18.00 | 104.00 | 122.00 | OK | |
r-oldrel-macos-arm64 | 1.1.0 | 58.00 | OK | |||
r-oldrel-macos-x86_64 | 1.1.0 | 104.00 | OK | |||
r-oldrel-windows-x86_64 | 1.1.0 | 22.00 | 131.00 | 153.00 | OK |
Version: 1.1.0
Check: data for non-ASCII characters
Result: NOTE
Note: found 1045 marked UTF-8 strings
Flavors: r-devel-linux-x86_64-fedora-clang, r-devel-linux-x86_64-fedora-gcc