Last updated on 2024-07-26 07:51:41 CEST.
Flavor | Version | Tinstall | Tcheck | Ttotal | Status | Flags |
---|---|---|---|---|---|---|
r-devel-linux-x86_64-debian-clang | 1.0.2 | 72.09 | 136.53 | 208.62 | NOTE | |
r-devel-linux-x86_64-debian-gcc | 1.0.2 | 51.33 | 98.80 | 150.13 | NOTE | |
r-devel-linux-x86_64-fedora-clang | 1.0.2 | 303.08 | NOTE | |||
r-devel-linux-x86_64-fedora-gcc | 1.0.2 | 279.17 | NOTE | |||
r-devel-windows-x86_64 | 1.0.2 | 62.00 | 132.00 | 194.00 | NOTE | |
r-patched-linux-x86_64 | 1.0.2 | NOTE | ||||
r-release-linux-x86_64 | 1.0.2 | 60.59 | 131.80 | 192.39 | NOTE | |
r-release-macos-arm64 | 1.0.2 | 76.00 | NOTE | |||
r-release-macos-x86_64 | 1.0.2 | 107.00 | NOTE | |||
r-release-windows-x86_64 | 1.0.2 | 68.00 | 133.00 | 201.00 | NOTE | |
r-oldrel-macos-arm64 | 1.0.2 | 76.00 | NOTE | |||
r-oldrel-macos-x86_64 | 1.0.2 | 131.00 | NOTE | |||
r-oldrel-windows-x86_64 | 1.0.2 | 78.00 | 165.00 | 243.00 | NOTE |
Version: 1.0.2
Check: package dependencies
Result: NOTE
Package suggested but not available for checking: ‘rkeops’
Flavors: r-devel-linux-x86_64-debian-clang, r-devel-linux-x86_64-debian-gcc, r-devel-linux-x86_64-fedora-clang, r-devel-linux-x86_64-fedora-gcc, r-devel-windows-x86_64, r-patched-linux-x86_64, r-release-linux-x86_64, r-release-windows-x86_64, r-oldrel-windows-x86_64
Version: 1.0.2
Check: installed package size
Result: NOTE
installed size is 7.5Mb
sub-directories of 1Mb or more:
R 2.3Mb
libs 4.5Mb
Flavors: r-release-macos-arm64, r-release-macos-x86_64, r-oldrel-macos-arm64, r-oldrel-macos-x86_64