Last updated on 2025-02-19 07:53:38 CET.
Flavor | Version | Tinstall | Tcheck | Ttotal | Status | Flags |
---|---|---|---|---|---|---|
r-devel-linux-x86_64-debian-clang | 0.1.0 | 10.18 | 80.82 | 91.00 | OK | |
r-devel-linux-x86_64-debian-gcc | 0.1.0 | 6.78 | 60.80 | 67.58 | OK | |
r-devel-linux-x86_64-fedora-clang | 0.1.0 | 144.77 | OK | |||
r-devel-linux-x86_64-fedora-gcc | 0.1.0 | 132.80 | OK | |||
r-devel-macos-arm64 | 0.1.0 | 44.00 | OK | |||
r-devel-macos-x86_64 | 0.1.0 | 80.00 | OK | |||
r-devel-windows-x86_64 | 0.1.0 | 12.00 | 94.00 | 106.00 | OK | |
r-patched-linux-x86_64 | 0.1.0 | 9.86 | 75.87 | 85.73 | OK | |
r-release-linux-x86_64 | 0.1.0 | 9.32 | 75.85 | 85.17 | OK | |
r-release-macos-arm64 | 0.1.0 | 42.00 | OK | |||
r-release-macos-x86_64 | 0.1.0 | 59.00 | OK | |||
r-release-windows-x86_64 | 0.1.0 | 12.00 | 3.00 | 15.00 | FAIL | |
r-oldrel-macos-arm64 | 0.1.0 | 62.00 | OK | |||
r-oldrel-macos-x86_64 | 0.1.0 | 115.00 | OK | |||
r-oldrel-windows-x86_64 | 0.1.0 | 16.00 | 101.00 | 117.00 | OK |
Version: 0.1.0
Check: package dependencies
Result: FAIL
Flavor: r-release-windows-x86_64