Last updated on 2025-02-19 07:53:38 CET.
Flavor | Version | Tinstall | Tcheck | Ttotal | Status | Flags |
---|---|---|---|---|---|---|
r-devel-linux-x86_64-debian-clang | 0.9.1 | 7.51 | 66.97 | 74.48 | NOTE | |
r-devel-linux-x86_64-debian-gcc | 0.9.1 | 5.26 | 48.36 | 53.62 | NOTE | |
r-devel-linux-x86_64-fedora-clang | 0.9.1 | 120.28 | NOTE | |||
r-devel-linux-x86_64-fedora-gcc | 0.9.1 | 109.82 | NOTE | |||
r-devel-macos-arm64 | 0.9.1 | 38.00 | NOTE | |||
r-devel-macos-x86_64 | 0.9.1 | 103.00 | NOTE | |||
r-devel-windows-x86_64 | 0.9.1 | 10.00 | 82.00 | 92.00 | NOTE | |
r-patched-linux-x86_64 | 0.9.1 | 8.73 | 61.76 | 70.49 | NOTE | |
r-release-linux-x86_64 | 0.9.1 | 7.15 | 60.60 | 67.75 | NOTE | |
r-release-macos-arm64 | 0.9.1 | 34.00 | NOTE | |||
r-release-macos-x86_64 | 0.9.1 | 88.00 | NOTE | |||
r-release-windows-x86_64 | 0.9.1 | 9.00 | 3.00 | 12.00 | FAIL | |
r-oldrel-macos-arm64 | 0.9.1 | 37.00 | NOTE | |||
r-oldrel-macos-x86_64 | 0.9.1 | 55.00 | NOTE | |||
r-oldrel-windows-x86_64 | 0.9.1 | 13.00 | 103.00 | 116.00 | NOTE |
Version: 0.9.1
Check: Rd files
Result: NOTE
checkRd: (-1) tpcExample.Rd:30: Escaped LaTeX specials: \&
Flavors: r-devel-linux-x86_64-debian-clang, r-devel-linux-x86_64-debian-gcc, r-devel-linux-x86_64-fedora-clang, r-devel-linux-x86_64-fedora-gcc, r-devel-macos-arm64, r-devel-macos-x86_64, r-devel-windows-x86_64, r-patched-linux-x86_64, r-release-linux-x86_64, r-release-macos-arm64, r-release-macos-x86_64, r-oldrel-macos-arm64, r-oldrel-macos-x86_64, r-oldrel-windows-x86_64
Version: 0.9.1
Check: package dependencies
Result: FAIL
Flavor: r-release-windows-x86_64