Last updated on 2025-02-17 07:50:29 CET.
Flavor | Version | Tinstall | Tcheck | Ttotal | Status | Flags |
---|---|---|---|---|---|---|
r-devel-linux-x86_64-debian-clang | 1.5.0 | 108.21 | 127.50 | 235.71 | NOTE | |
r-devel-linux-x86_64-debian-gcc | 1.5.0 | 72.79 | 86.79 | 159.58 | NOTE | |
r-devel-linux-x86_64-fedora-clang | 1.5.0 | 478.52 | NOTE | |||
r-devel-linux-x86_64-fedora-gcc | 1.5.0 | 396.08 | NOTE | |||
r-devel-macos-arm64 | 1.5.0 | 99.00 | NOTE | |||
r-devel-macos-x86_64 | 1.5.0 | 157.00 | NOTE | |||
r-devel-windows-x86_64 | 1.5.0 | 136.00 | 162.00 | 298.00 | NOTE | |
r-patched-linux-x86_64 | 1.5.0 | 103.37 | 117.99 | 221.36 | NOTE | |
r-release-linux-x86_64 | 1.5.0 | 99.17 | 117.57 | 216.74 | NOTE | |
r-release-macos-arm64 | 1.5.0 | 58.00 | NOTE | |||
r-release-macos-x86_64 | 1.5.0 | 80.00 | NOTE | |||
r-release-windows-x86_64 | 1.5.0 | 142.00 | 156.00 | 298.00 | NOTE | |
r-oldrel-macos-arm64 | 1.5.0 | 129.00 | NOTE | |||
r-oldrel-macos-x86_64 | 1.5.0 | 193.00 | NOTE | |||
r-oldrel-windows-x86_64 | 1.5.0 | 166.00 | 190.00 | 356.00 | NOTE |
Version: 1.5.0
Check: C++ specification
Result: NOTE
Specified C++11: please drop specification unless essential
Flavors: r-devel-linux-x86_64-debian-clang, r-devel-linux-x86_64-debian-gcc, r-devel-linux-x86_64-fedora-clang, r-devel-linux-x86_64-fedora-gcc, r-devel-macos-arm64, r-devel-macos-x86_64, r-devel-windows-x86_64, r-patched-linux-x86_64, r-release-linux-x86_64, r-release-macos-arm64, r-release-macos-x86_64, r-release-windows-x86_64, r-oldrel-macos-arm64, r-oldrel-macos-x86_64, r-oldrel-windows-x86_64
Version: 1.5.0
Check: for GNU extensions in Makefiles
Result: NOTE
GNU make is a SystemRequirements.
Flavors: r-patched-linux-x86_64, r-release-linux-x86_64, r-release-macos-arm64, r-release-macos-x86_64, r-release-windows-x86_64, r-oldrel-macos-arm64, r-oldrel-macos-x86_64, r-oldrel-windows-x86_64
Version: 1.5.0
Check: installed package size
Result: NOTE
installed size is 7.1Mb
sub-directories of 1Mb or more:
libs 6.2Mb
Flavors: r-release-macos-arm64, r-release-macos-x86_64, r-oldrel-macos-arm64, r-oldrel-macos-x86_64