Last updated on 2025-10-24 07:49:42 CEST.
| Flavor | Version | Tinstall | Tcheck | Ttotal | Status | Flags |
|---|---|---|---|---|---|---|
| r-devel-linux-x86_64-debian-clang | 1.1.0 | 2.71 | 25.78 | 28.49 | OK | |
| r-devel-linux-x86_64-debian-gcc | 1.1.0 | 1.87 | 21.34 | 23.21 | OK | |
| r-devel-linux-x86_64-fedora-clang | 1.1.0 | 42.47 | NOTE | |||
| r-devel-linux-x86_64-fedora-gcc | 1.1.0 | 40.18 | NOTE | |||
| r-devel-windows-x86_64 | 1.1.0 | 6.00 | 44.00 | 50.00 | OK | |
| r-patched-linux-x86_64 | 1.1.0 | 2.71 | 24.54 | 27.25 | OK | |
| r-release-linux-x86_64 | 1.1.0 | 2.48 | 24.88 | 27.36 | OK | |
| r-release-macos-arm64 | 1.1.0 | 2.00 | 18.00 | 20.00 | OK | |
| r-release-macos-x86_64 | 1.1.0 | 3.00 | 30.00 | 33.00 | OK | |
| r-release-windows-x86_64 | 1.1.0 | 7.00 | 46.00 | 53.00 | OK | |
| r-oldrel-macos-arm64 | 1.1.0 | 1.00 | 16.00 | 17.00 | NOTE | |
| r-oldrel-macos-x86_64 | 1.1.0 | 2.00 | 21.00 | 23.00 | NOTE | |
| r-oldrel-windows-x86_64 | 1.1.0 | 11.00 | 52.00 | 63.00 | NOTE |
Version: 1.1.0
Check: dependencies in R code
Result: NOTE
Namespace in Imports field not imported from: ‘shiny’
All declared Imports should be used.
Flavors: r-devel-linux-x86_64-fedora-clang, r-devel-linux-x86_64-fedora-gcc
Version: 1.1.0
Check: installed package size
Result: NOTE
installed size is 12.2Mb
sub-directories of 1Mb or more:
www 12.1Mb
Flavors: r-oldrel-macos-arm64, r-oldrel-macos-x86_64, r-oldrel-windows-x86_64