Last updated on 2025-11-04 07:49:49 CET.
| Flavor | Version | Tinstall | Tcheck | Ttotal | Status | Flags | 
|---|---|---|---|---|---|---|
| r-devel-linux-x86_64-debian-clang | 0.1.1 | 9.33 | 105.88 | 115.21 | NOTE | |
| r-devel-linux-x86_64-debian-gcc | 0.1.1 | 6.84 | 75.38 | 82.22 | NOTE | |
| r-devel-linux-x86_64-fedora-clang | 0.1.1 | 24.00 | 157.41 | 181.41 | NOTE | |
| r-devel-linux-x86_64-fedora-gcc | 0.1.1 | 41.00 | 173.38 | 214.38 | NOTE | |
| r-devel-windows-x86_64 | 0.1.1 | 13.00 | 107.00 | 120.00 | NOTE | |
| r-patched-linux-x86_64 | 0.1.1 | 9.94 | 100.31 | 110.25 | NOTE | |
| r-release-linux-x86_64 | 0.1.1 | 8.88 | 100.25 | 109.13 | NOTE | |
| r-release-macos-arm64 | 0.1.1 | 5.00 | 55.00 | 60.00 | NOTE | |
| r-release-macos-x86_64 | 0.1.1 | 13.00 | 119.00 | 132.00 | OK | |
| r-release-windows-x86_64 | 0.1.1 | 10.00 | 106.00 | 116.00 | NOTE | |
| r-oldrel-macos-arm64 | 0.1.1 | 5.00 | 55.00 | 60.00 | OK | |
| r-oldrel-macos-x86_64 | 0.1.1 | 7.00 | 93.00 | 100.00 | OK | |
| r-oldrel-windows-x86_64 | 0.1.1 | 15.00 | 138.00 | 153.00 | OK | 
Version: 0.1.1
Check: DESCRIPTION meta-information
Result: NOTE
    Missing dependency on R >= 4.2.0 because package code uses the pipe
    placeholder syntax added in R 4.2.0.
    File(s) using such syntax:
      ‘cosinor-constructor.R’
Flavors: r-devel-linux-x86_64-debian-clang, r-devel-linux-x86_64-debian-gcc, r-devel-linux-x86_64-fedora-clang, r-devel-linux-x86_64-fedora-gcc, r-devel-windows-x86_64, r-patched-linux-x86_64, r-release-linux-x86_64, r-release-macos-arm64, r-release-windows-x86_64