CRAN Package Check Results for Package capitalR

Last updated on 2025-02-07 07:49:03 CET.

Flavor Version Tinstall Tcheck Ttotal Status Flags
r-devel-linux-x86_64-debian-clang 1.3.0 1.86 20.35 22.21 OK
r-devel-linux-x86_64-debian-gcc 1.3.0 1.49 16.80 18.29 OK
r-devel-linux-x86_64-fedora-clang 1.3.0 39.00 OK
r-devel-linux-x86_64-fedora-gcc 1.3.0 47.56 OK
r-devel-windows-x86_64 1.3.0 4.00 43.00 47.00 OK
r-patched-linux-x86_64 1.3.0 2.01 19.57 21.58 NOTE
r-release-linux-x86_64 1.3.0 1.83 19.73 21.56 NOTE
r-release-macos-arm64 1.3.0 29.00 NOTE
r-release-macos-x86_64 1.3.0 43.00 NOTE
r-release-windows-x86_64 1.3.0 3.00 46.00 49.00 NOTE
r-oldrel-macos-arm64 1.3.0 19.00 NOTE
r-oldrel-macos-x86_64 1.3.0 35.00 NOTE
r-oldrel-windows-x86_64 1.3.0 3.00 44.00 47.00 NOTE

Check Details

Version: 1.3.0
Check: LazyData
Result: NOTE 'LazyData' is specified without a 'data' directory Flavors: r-patched-linux-x86_64, r-release-linux-x86_64, r-release-macos-arm64, r-release-macos-x86_64, r-release-windows-x86_64, r-oldrel-macos-arm64, r-oldrel-macos-x86_64, r-oldrel-windows-x86_64