CRAN Package Check Results for Package btergm

Last updated on 2025-02-17 07:50:29 CET.

Flavor Version Tinstall Tcheck Ttotal Status Flags
r-devel-linux-x86_64-debian-clang 1.10.12 16.39 152.21 168.60 ERROR
r-devel-linux-x86_64-debian-gcc 1.10.12 11.97 103.19 115.16 ERROR
r-devel-linux-x86_64-fedora-clang 1.10.12 294.03 ERROR
r-devel-linux-x86_64-fedora-gcc 1.10.12 254.56 ERROR
r-devel-macos-arm64 1.10.12 74.00 OK
r-devel-macos-x86_64 1.10.12 140.00 ERROR
r-devel-windows-x86_64 1.10.12 19.00 153.00 172.00 ERROR
r-patched-linux-x86_64 1.10.12 17.42 141.51 158.93 ERROR
r-release-linux-x86_64 1.10.12 16.35 141.66 158.01 ERROR
r-release-macos-arm64 1.10.12 71.00 OK
r-release-macos-x86_64 1.10.12 119.00 OK
r-release-windows-x86_64 1.10.12 20.00 149.00 169.00 ERROR
r-oldrel-macos-arm64 1.10.12 76.00 OK
r-oldrel-macos-x86_64 1.10.12 185.00 OK
r-oldrel-windows-x86_64 1.10.12 25.00 197.00 222.00 ERROR

Check Details

Version: 1.10.12
Check: tests
Result: ERROR Running ‘testthat.R’ [38s/47s] Running the tests in ‘tests/testthat.R’ failed. Complete output: > library("testthat") > > test_check("btergm") Loading required package: btergm Registered S3 methods overwritten by 'btergm': method from plot.gof ergm print.gof ergm Package: btergm Version: 1.10.12 Date: 2024-03-31 Authors: Philip Leifeld (University of Manchester) Skyler J. Cranmer (The Ohio State University) Bruce A. Desmarais (Pennsylvania State University) [ FAIL 1 | WARN 2 | SKIP 8 | PASS 51 ] ══ Skipped tests (8) ═══════════════════════════════════════════════════════════ • On CRAN (8): 'test-btergm.R:82:3', 'test-btergm.R:180:3', 'test-btergm.R:197:3', 'test-data.R:4:3', 'test-interpret.R:4:3', 'test-interpret.R:32:3', 'test-interpret.R:59:3', 'test-interpret.R:87:3' ══ Failed tests ════════════════════════════════════════════════════════════════ ── Error ('test-btergm.R:73:3'): offset argument in btergm works without composition change ── Error in `ergm::ergm.pl(nw, Clist.miss, model, theta.offset = c(rep(FALSE, length(l$rhs.terms) - 1), TRUE), verbose = FALSE, control = control.ergm)`: VECTOR_ELT() can only be applied to a 'list', not a 'NULL' Backtrace: ▆ 1. ├─base::suppressWarnings(...) at test-btergm.R:73:3 2. │ └─base::withCallingHandlers(...) 3. └─btergm::btergm(...) 4. └─ergm::ergm.pl(...) [ FAIL 1 | WARN 2 | SKIP 8 | PASS 51 ] Error: Test failures Execution halted Flavor: r-devel-linux-x86_64-debian-clang

Version: 1.10.12
Check: tests
Result: ERROR Running ‘testthat.R’ [24s/30s] Running the tests in ‘tests/testthat.R’ failed. Complete output: > library("testthat") > > test_check("btergm") Loading required package: btergm Registered S3 methods overwritten by 'btergm': method from plot.gof ergm print.gof ergm Package: btergm Version: 1.10.12 Date: 2024-03-31 Authors: Philip Leifeld (University of Manchester) Skyler J. Cranmer (The Ohio State University) Bruce A. Desmarais (Pennsylvania State University) [ FAIL 1 | WARN 2 | SKIP 8 | PASS 51 ] ══ Skipped tests (8) ═══════════════════════════════════════════════════════════ • On CRAN (8): 'test-btergm.R:82:3', 'test-btergm.R:180:3', 'test-btergm.R:197:3', 'test-data.R:4:3', 'test-interpret.R:4:3', 'test-interpret.R:32:3', 'test-interpret.R:59:3', 'test-interpret.R:87:3' ══ Failed tests ════════════════════════════════════════════════════════════════ ── Error ('test-btergm.R:73:3'): offset argument in btergm works without composition change ── Error in `ergm::ergm.pl(nw, Clist.miss, model, theta.offset = c(rep(FALSE, length(l$rhs.terms) - 1), TRUE), verbose = FALSE, control = control.ergm)`: VECTOR_ELT() can only be applied to a 'list', not a 'NULL' Backtrace: ▆ 1. ├─base::suppressWarnings(...) at test-btergm.R:73:3 2. │ └─base::withCallingHandlers(...) 3. └─btergm::btergm(...) 4. └─ergm::ergm.pl(...) [ FAIL 1 | WARN 2 | SKIP 8 | PASS 51 ] Error: Test failures Execution halted Flavor: r-devel-linux-x86_64-debian-gcc

Version: 1.10.12
Check: tests
Result: ERROR Running ‘testthat.R’ [66s/231s] Running the tests in ‘tests/testthat.R’ failed. Complete output: > library("testthat") > > test_check("btergm") Loading required package: btergm Registered S3 methods overwritten by 'btergm': method from plot.gof ergm print.gof ergm Package: btergm Version: 1.10.12 Date: 2024-03-31 Authors: Philip Leifeld (University of Manchester) Skyler J. Cranmer (The Ohio State University) Bruce A. Desmarais (Pennsylvania State University) [ FAIL 1 | WARN 2 | SKIP 8 | PASS 51 ] ══ Skipped tests (8) ═══════════════════════════════════════════════════════════ • On CRAN (8): 'test-btergm.R:82:3', 'test-btergm.R:180:3', 'test-btergm.R:197:3', 'test-data.R:4:3', 'test-interpret.R:4:3', 'test-interpret.R:32:3', 'test-interpret.R:59:3', 'test-interpret.R:87:3' ══ Failed tests ════════════════════════════════════════════════════════════════ ── Error ('test-btergm.R:73:3'): offset argument in btergm works without composition change ── Error in `ergm::ergm.pl(nw, Clist.miss, model, theta.offset = c(rep(FALSE, length(l$rhs.terms) - 1), TRUE), verbose = FALSE, control = control.ergm)`: VECTOR_ELT() can only be applied to a 'list', not a 'NULL' Backtrace: ▆ 1. ├─base::suppressWarnings(...) at test-btergm.R:73:3 2. │ └─base::withCallingHandlers(...) 3. └─btergm::btergm(...) 4. └─ergm::ergm.pl(...) [ FAIL 1 | WARN 2 | SKIP 8 | PASS 51 ] Error: Test failures Execution halted Flavor: r-devel-linux-x86_64-fedora-clang

Version: 1.10.12
Check: tests
Result: ERROR Running ‘testthat.R’ [57s/66s] Running the tests in ‘tests/testthat.R’ failed. Complete output: > library("testthat") > > test_check("btergm") Loading required package: btergm Registered S3 methods overwritten by 'btergm': method from plot.gof ergm print.gof ergm Package: btergm Version: 1.10.12 Date: 2024-03-31 Authors: Philip Leifeld (University of Manchester) Skyler J. Cranmer (The Ohio State University) Bruce A. Desmarais (Pennsylvania State University) [ FAIL 1 | WARN 2 | SKIP 8 | PASS 51 ] ══ Skipped tests (8) ═══════════════════════════════════════════════════════════ • On CRAN (8): 'test-btergm.R:82:3', 'test-btergm.R:180:3', 'test-btergm.R:197:3', 'test-data.R:4:3', 'test-interpret.R:4:3', 'test-interpret.R:32:3', 'test-interpret.R:59:3', 'test-interpret.R:87:3' ══ Failed tests ════════════════════════════════════════════════════════════════ ── Error ('test-btergm.R:73:3'): offset argument in btergm works without composition change ── Error in `ergm::ergm.pl(nw, Clist.miss, model, theta.offset = c(rep(FALSE, length(l$rhs.terms) - 1), TRUE), verbose = FALSE, control = control.ergm)`: VECTOR_ELT() can only be applied to a 'list', not a 'NULL' Backtrace: ▆ 1. ├─base::suppressWarnings(...) at test-btergm.R:73:3 2. │ └─base::withCallingHandlers(...) 3. └─btergm::btergm(...) 4. └─ergm::ergm.pl(...) [ FAIL 1 | WARN 2 | SKIP 8 | PASS 51 ] Error: Test failures Execution halted Flavor: r-devel-linux-x86_64-fedora-gcc

Version: 1.10.12
Check: tests
Result: ERROR Running ‘testthat.R’ [25s/35s] Running the tests in ‘tests/testthat.R’ failed. Complete output: > library("testthat") > > test_check("btergm") Loading required package: btergm Registered S3 methods overwritten by 'btergm': method from plot.gof ergm print.gof ergm Package: btergm Version: 1.10.12 Date: 2024-03-31 Authors: Philip Leifeld (University of Manchester) Skyler J. Cranmer (The Ohio State University) Bruce A. Desmarais (Pennsylvania State University) [ FAIL 1 | WARN 2 | SKIP 8 | PASS 51 ] ══ Skipped tests (8) ═══════════════════════════════════════════════════════════ • On CRAN (8): 'test-btergm.R:82:3', 'test-btergm.R:180:3', 'test-btergm.R:197:3', 'test-data.R:4:3', 'test-interpret.R:4:3', 'test-interpret.R:32:3', 'test-interpret.R:59:3', 'test-interpret.R:87:3' ══ Failed tests ════════════════════════════════════════════════════════════════ ── Error ('test-btergm.R:73:3'): offset argument in btergm works without composition change ── Error in `ergm::ergm.pl(nw, Clist.miss, model, theta.offset = c(rep(FALSE, length(l$rhs.terms) - 1), TRUE), verbose = FALSE, control = control.ergm)`: VECTOR_ELT() can only be applied to a 'list', not a 'NULL' Backtrace: ▆ 1. ├─base::suppressWarnings(...) at test-btergm.R:73:3 2. │ └─base::withCallingHandlers(...) 3. └─btergm::btergm(...) 4. └─ergm::ergm.pl(...) [ FAIL 1 | WARN 2 | SKIP 8 | PASS 51 ] Error: Test failures Execution halted Flavor: r-devel-macos-x86_64

Version: 1.10.12
Check: tests
Result: ERROR Running 'testthat.R' [34s] Running the tests in 'tests/testthat.R' failed. Complete output: > library("testthat") > > test_check("btergm") Loading required package: btergm Registered S3 methods overwritten by 'btergm': method from plot.gof ergm print.gof ergm Package: btergm Version: 1.10.12 Date: 2024-03-31 Authors: Philip Leifeld (University of Manchester) Skyler J. Cranmer (The Ohio State University) Bruce A. Desmarais (Pennsylvania State University) [ FAIL 1 | WARN 2 | SKIP 8 | PASS 51 ] ══ Skipped tests (8) ═══════════════════════════════════════════════════════════ • On CRAN (8): 'test-btergm.R:82:3', 'test-btergm.R:180:3', 'test-btergm.R:197:3', 'test-data.R:4:3', 'test-interpret.R:4:3', 'test-interpret.R:32:3', 'test-interpret.R:59:3', 'test-interpret.R:87:3' ══ Failed tests ════════════════════════════════════════════════════════════════ ── Error ('test-btergm.R:73:3'): offset argument in btergm works without composition change ── Error in `ergm::ergm.pl(nw, Clist.miss, model, theta.offset = c(rep(FALSE, length(l$rhs.terms) - 1), TRUE), verbose = FALSE, control = control.ergm)`: VECTOR_ELT() can only be applied to a 'list', not a 'NULL' Backtrace: ▆ 1. ├─base::suppressWarnings(...) at test-btergm.R:73:3 2. │ └─base::withCallingHandlers(...) 3. └─btergm::btergm(...) 4. └─ergm::ergm.pl(...) [ FAIL 1 | WARN 2 | SKIP 8 | PASS 51 ] Error: Test failures Execution halted Flavor: r-devel-windows-x86_64

Version: 1.10.12
Check: tests
Result: ERROR Running ‘testthat.R’ [36s/48s] Running the tests in ‘tests/testthat.R’ failed. Complete output: > library("testthat") > > test_check("btergm") Loading required package: btergm Registered S3 methods overwritten by 'btergm': method from plot.gof ergm print.gof ergm Package: btergm Version: 1.10.12 Date: 2024-03-31 Authors: Philip Leifeld (University of Manchester) Skyler J. Cranmer (The Ohio State University) Bruce A. Desmarais (Pennsylvania State University) [ FAIL 1 | WARN 2 | SKIP 8 | PASS 51 ] ══ Skipped tests (8) ═══════════════════════════════════════════════════════════ • On CRAN (8): 'test-btergm.R:82:3', 'test-btergm.R:180:3', 'test-btergm.R:197:3', 'test-data.R:4:3', 'test-interpret.R:4:3', 'test-interpret.R:32:3', 'test-interpret.R:59:3', 'test-interpret.R:87:3' ══ Failed tests ════════════════════════════════════════════════════════════════ ── Error ('test-btergm.R:73:3'): offset argument in btergm works without composition change ── Error in `ergm::ergm.pl(nw, Clist.miss, model, theta.offset = c(rep(FALSE, length(l$rhs.terms) - 1), TRUE), verbose = FALSE, control = control.ergm)`: VECTOR_ELT() can only be applied to a 'list', not a 'NULL' Backtrace: ▆ 1. ├─base::suppressWarnings(...) at test-btergm.R:73:3 2. │ └─base::withCallingHandlers(...) 3. └─btergm::btergm(...) 4. └─ergm::ergm.pl(...) [ FAIL 1 | WARN 2 | SKIP 8 | PASS 51 ] Error: Test failures Execution halted Flavor: r-patched-linux-x86_64

Version: 1.10.12
Check: tests
Result: ERROR Running ‘testthat.R’ [36s/46s] Running the tests in ‘tests/testthat.R’ failed. Complete output: > library("testthat") > > test_check("btergm") Loading required package: btergm Registered S3 methods overwritten by 'btergm': method from plot.gof ergm print.gof ergm Package: btergm Version: 1.10.12 Date: 2024-03-31 Authors: Philip Leifeld (University of Manchester) Skyler J. Cranmer (The Ohio State University) Bruce A. Desmarais (Pennsylvania State University) [ FAIL 1 | WARN 2 | SKIP 8 | PASS 51 ] ══ Skipped tests (8) ═══════════════════════════════════════════════════════════ • On CRAN (8): 'test-btergm.R:82:3', 'test-btergm.R:180:3', 'test-btergm.R:197:3', 'test-data.R:4:3', 'test-interpret.R:4:3', 'test-interpret.R:32:3', 'test-interpret.R:59:3', 'test-interpret.R:87:3' ══ Failed tests ════════════════════════════════════════════════════════════════ ── Error ('test-btergm.R:73:3'): offset argument in btergm works without composition change ── Error in `ergm::ergm.pl(nw, Clist.miss, model, theta.offset = c(rep(FALSE, length(l$rhs.terms) - 1), TRUE), verbose = FALSE, control = control.ergm)`: VECTOR_ELT() can only be applied to a 'list', not a 'NULL' Backtrace: ▆ 1. ├─base::suppressWarnings(...) at test-btergm.R:73:3 2. │ └─base::withCallingHandlers(...) 3. └─btergm::btergm(...) 4. └─ergm::ergm.pl(...) [ FAIL 1 | WARN 2 | SKIP 8 | PASS 51 ] Error: Test failures Execution halted Flavor: r-release-linux-x86_64

Version: 1.10.12
Check: tests
Result: ERROR Running 'testthat.R' [36s] Running the tests in 'tests/testthat.R' failed. Complete output: > library("testthat") > > test_check("btergm") Loading required package: btergm Registered S3 methods overwritten by 'btergm': method from plot.gof ergm print.gof ergm Package: btergm Version: 1.10.12 Date: 2024-03-31 Authors: Philip Leifeld (University of Manchester) Skyler J. Cranmer (The Ohio State University) Bruce A. Desmarais (Pennsylvania State University) [ FAIL 1 | WARN 2 | SKIP 8 | PASS 51 ] ══ Skipped tests (8) ═══════════════════════════════════════════════════════════ • On CRAN (8): 'test-btergm.R:82:3', 'test-btergm.R:180:3', 'test-btergm.R:197:3', 'test-data.R:4:3', 'test-interpret.R:4:3', 'test-interpret.R:32:3', 'test-interpret.R:59:3', 'test-interpret.R:87:3' ══ Failed tests ════════════════════════════════════════════════════════════════ ── Error ('test-btergm.R:73:3'): offset argument in btergm works without composition change ── Error in `ergm::ergm.pl(nw, Clist.miss, model, theta.offset = c(rep(FALSE, length(l$rhs.terms) - 1), TRUE), verbose = FALSE, control = control.ergm)`: VECTOR_ELT() can only be applied to a 'list', not a 'NULL' Backtrace: ▆ 1. ├─base::suppressWarnings(...) at test-btergm.R:73:3 2. │ └─base::withCallingHandlers(...) 3. └─btergm::btergm(...) 4. └─ergm::ergm.pl(...) [ FAIL 1 | WARN 2 | SKIP 8 | PASS 51 ] Error: Test failures Execution halted Flavor: r-release-windows-x86_64

Version: 1.10.12
Check: tests
Result: ERROR Running 'testthat.R' [45s] Running the tests in 'tests/testthat.R' failed. Complete output: > library("testthat") > > test_check("btergm") Loading required package: btergm Registered S3 methods overwritten by 'btergm': method from plot.gof ergm print.gof ergm Package: btergm Version: 1.10.12 Date: 2024-03-31 Authors: Philip Leifeld (University of Manchester) Skyler J. Cranmer (The Ohio State University) Bruce A. Desmarais (Pennsylvania State University) [ FAIL 1 | WARN 2 | SKIP 8 | PASS 51 ] ══ Skipped tests (8) ═══════════════════════════════════════════════════════════ • On CRAN (8): 'test-btergm.R:82:3', 'test-btergm.R:180:3', 'test-btergm.R:197:3', 'test-data.R:4:3', 'test-interpret.R:4:3', 'test-interpret.R:32:3', 'test-interpret.R:59:3', 'test-interpret.R:87:3' ══ Failed tests ════════════════════════════════════════════════════════════════ ── Error ('test-btergm.R:73:3'): offset argument in btergm works without composition change ── Error in `ergm::ergm.pl(nw, Clist.miss, model, theta.offset = c(rep(FALSE, length(l$rhs.terms) - 1), TRUE), verbose = FALSE, control = control.ergm)`: VECTOR_ELT() can only be applied to a 'list', not a 'NULL' Backtrace: ▆ 1. ├─base::suppressWarnings(...) at test-btergm.R:73:3 2. │ └─base::withCallingHandlers(...) 3. └─btergm::btergm(...) 4. └─ergm::ergm.pl(...) [ FAIL 1 | WARN 2 | SKIP 8 | PASS 51 ] Error: Test failures Execution halted Flavor: r-oldrel-windows-x86_64