Last updated on 2025-02-17 07:50:29 CET.
Flavor | Version | Tinstall | Tcheck | Ttotal | Status | Flags |
---|---|---|---|---|---|---|
r-devel-linux-x86_64-debian-clang | 1.1.3 | 11.39 | 81.41 | 92.80 | OK | |
r-devel-linux-x86_64-debian-gcc | 1.1.3 | 8.13 | 59.56 | 67.69 | OK | |
r-devel-linux-x86_64-fedora-clang | 1.1.3 | 152.20 | NOTE | |||
r-devel-linux-x86_64-fedora-gcc | 1.1.3 | 139.54 | NOTE | |||
r-devel-macos-arm64 | 1.1.3 | 41.00 | OK | |||
r-devel-macos-x86_64 | 1.1.3 | 99.00 | OK | |||
r-devel-windows-x86_64 | 1.1.3 | 13.00 | 90.00 | 103.00 | OK | |
r-patched-linux-x86_64 | 1.1.3 | 10.71 | 75.94 | 86.65 | OK | |
r-release-linux-x86_64 | 1.1.3 | 10.54 | 75.20 | 85.74 | OK | |
r-release-macos-arm64 | 1.1.3 | 50.00 | OK | |||
r-release-macos-x86_64 | 1.1.3 | 72.00 | OK | |||
r-release-windows-x86_64 | 1.1.3 | 12.00 | 93.00 | 105.00 | OK | |
r-oldrel-macos-arm64 | 1.1.3 | 44.00 | OK | |||
r-oldrel-macos-x86_64 | 1.1.3 | 72.00 | OK | |||
r-oldrel-windows-x86_64 | 1.1.3 | 15.00 | 132.00 | 147.00 | OK |
Version: 1.1.3
Check: dependencies in R code
Result: NOTE
Namespaces in Imports field not imported from:
‘rworldxtra’ ‘sp’
All declared Imports should be used.
Flavors: r-devel-linux-x86_64-fedora-clang, r-devel-linux-x86_64-fedora-gcc