Last updated on 2025-05-09 07:50:50 CEST.
Flavor | Version | Tinstall | Tcheck | Ttotal | Status | Flags |
---|---|---|---|---|---|---|
r-devel-linux-x86_64-debian-clang | 1.0.2 | 3.50 | 27.31 | 30.81 | NOTE | |
r-devel-linux-x86_64-debian-gcc | 1.0.2 | 3.05 | 21.06 | 24.11 | NOTE | |
r-devel-linux-x86_64-fedora-clang | 1.0.2 | 50.51 | OK | |||
r-devel-linux-x86_64-fedora-gcc | 1.0.2 | 61.51 | OK | |||
r-devel-windows-x86_64 | 1.0.2 | 5.00 | 50.00 | 55.00 | OK | |
r-patched-linux-x86_64 | 1.0.2 | 3.46 | 26.50 | 29.96 | OK | |
r-release-linux-x86_64 | 1.0.2 | 4.32 | 26.81 | 31.13 | OK | |
r-release-macos-arm64 | 1.0.2 | 28.00 | OK | |||
r-release-macos-x86_64 | 1.0.2 | 71.00 | OK | |||
r-release-windows-x86_64 | 1.0.2 | 6.00 | 54.00 | 60.00 | OK | |
r-oldrel-macos-arm64 | 1.0.2 | 31.00 | OK | |||
r-oldrel-macos-x86_64 | 1.0.2 | 38.00 | OK | |||
r-oldrel-windows-x86_64 | 1.0.2 | 5.00 | 50.00 | 55.00 | OK |
Version: 1.0.2
Check: CRAN incoming feasibility
Result: NOTE
Maintainer: ‘Mike Lee <random.deviate@gmail.com>’
No Authors@R field in DESCRIPTION.
Please add one, modifying
Authors@R: person(given = "Mike",
family = "Lee",
role = c("aut", "cre"),
email = "random.deviate@gmail.com")
as necessary.
Flavors: r-devel-linux-x86_64-debian-clang, r-devel-linux-x86_64-debian-gcc