CRAN Package Check Results for Package brandwatchR

Last updated on 2025-11-02 07:50:00 CET.

Flavor Version Tinstall Tcheck Ttotal Status Flags
r-devel-linux-x86_64-debian-clang 0.3.0 2.56 25.61 28.17 OK
r-devel-linux-x86_64-debian-gcc 0.3.0 1.98 19.44 21.42 OK
r-devel-linux-x86_64-fedora-clang 0.3.0 41.43 OK
r-devel-linux-x86_64-fedora-gcc 0.3.0 38.85 OK
r-devel-windows-x86_64 0.3.0 4.00 47.00 51.00 OK
r-patched-linux-x86_64 0.3.0 2.70 24.19 26.89 OK
r-release-linux-x86_64 0.3.0 2.41 24.40 26.81 OK
r-release-macos-arm64 0.3.0 2.00 19.00 21.00 OK
r-release-macos-x86_64 0.3.0 4.00 28.00 32.00 OK
r-release-windows-x86_64 0.3.0 4.00 46.00 50.00 OK
r-oldrel-macos-arm64 0.3.0 1.00 17.00 18.00 NOTE
r-oldrel-macos-x86_64 0.3.0 3.00 34.00 37.00 NOTE
r-oldrel-windows-x86_64 0.3.0 5.00 53.00 58.00 NOTE

Check Details

Version: 0.3.0
Check: LazyData
Result: NOTE 'LazyData' is specified without a 'data' directory Flavors: r-oldrel-macos-arm64, r-oldrel-macos-x86_64, r-oldrel-windows-x86_64