Last updated on 2025-02-17 07:50:29 CET.
Flavor | Version | Tinstall | Tcheck | Ttotal | Status | Flags |
---|---|---|---|---|---|---|
r-devel-linux-x86_64-debian-clang | 0.1.0 | 8.13 | 61.22 | 69.35 | OK | |
r-devel-linux-x86_64-debian-gcc | 0.1.0 | 6.00 | 48.37 | 54.37 | OK | |
r-devel-linux-x86_64-fedora-clang | 0.1.0 | 115.50 | NOTE | |||
r-devel-linux-x86_64-fedora-gcc | 0.1.0 | 124.21 | NOTE | |||
r-devel-macos-arm64 | 0.1.0 | 57.00 | OK | |||
r-devel-macos-x86_64 | 0.1.0 | 81.00 | OK | |||
r-devel-windows-x86_64 | 0.1.0 | 11.00 | 91.00 | 102.00 | OK | |
r-patched-linux-x86_64 | 0.1.0 | 8.03 | 57.65 | 65.68 | OK | |
r-release-linux-x86_64 | 0.1.0 | 6.96 | 57.90 | 64.86 | OK | |
r-release-macos-arm64 | 0.1.0 | 56.00 | OK | |||
r-release-macos-x86_64 | 0.1.0 | 80.00 | OK | |||
r-release-windows-x86_64 | 0.1.0 | 11.00 | 92.00 | 103.00 | OK | |
r-oldrel-macos-arm64 | 0.1.0 | 56.00 | OK | |||
r-oldrel-macos-x86_64 | 0.1.0 | 78.00 | OK | |||
r-oldrel-windows-x86_64 | 0.1.0 | 14.00 | 93.00 | 107.00 | OK |
Version: 0.1.0
Check: dependencies in R code
Result: NOTE
Namespaces in Imports field not imported from:
‘CCA’ ‘brainR’ ‘elasticnet’
All declared Imports should be used.
Flavors: r-devel-linux-x86_64-fedora-clang, r-devel-linux-x86_64-fedora-gcc