Last updated on 2025-02-11 07:48:20 CET.
Flavor | Version | Tinstall | Tcheck | Ttotal | Status | Flags |
---|---|---|---|---|---|---|
r-devel-linux-x86_64-debian-clang | 1.2-4 | 2.62 | 20.63 | 23.25 | OK | |
r-devel-linux-x86_64-debian-gcc | 1.2-4 | 1.99 | 16.88 | 18.87 | OK | |
r-devel-linux-x86_64-fedora-clang | 1.2-4 | 38.42 | NOTE | |||
r-devel-linux-x86_64-fedora-gcc | 1.2-4 | 35.45 | NOTE | |||
r-devel-windows-x86_64 | 1.2-4 | 6.00 | 46.00 | 52.00 | OK | |
r-patched-linux-x86_64 | 1.2-4 | 2.65 | 19.67 | 22.32 | OK | |
r-release-linux-x86_64 | 1.2-4 | 2.49 | 19.55 | 22.04 | OK | |
r-release-macos-arm64 | 1.2-4 | 24.00 | OK | |||
r-release-macos-x86_64 | 1.2-4 | 34.00 | OK | |||
r-release-windows-x86_64 | 1.2-4 | 5.00 | 44.00 | 49.00 | OK | |
r-oldrel-macos-arm64 | 1.2-4 | 31.00 | OK | |||
r-oldrel-macos-x86_64 | 1.2-4 | 49.00 | OK | |||
r-oldrel-windows-x86_64 | 1.2-4 | 6.00 | 45.00 | 51.00 | OK |
Version: 1.2-4
Check: compiled code
Result: NOTE
File ‘bootruin/libs/bootruin.so’:
Found no calls to: ‘R_registerRoutines’, ‘R_useDynamicSymbols’
It is good practice to register native routines and to disable symbol
search.
See ‘Writing portable packages’ in the ‘Writing R Extensions’ manual.
Flavors: r-devel-linux-x86_64-fedora-clang, r-devel-linux-x86_64-fedora-gcc