Last updated on 2025-02-19 07:53:37 CET.
Flavor | Version | Tinstall | Tcheck | Ttotal | Status | Flags |
---|---|---|---|---|---|---|
r-devel-linux-x86_64-debian-clang | 0.3.0 | 2.73 | 33.13 | 35.86 | OK | |
r-devel-linux-x86_64-debian-gcc | 0.3.0 | 0.32 | 1.34 | 1.66 | ERROR | |
r-devel-linux-x86_64-fedora-clang | 0.3.0 | 58.85 | NOTE | |||
r-devel-linux-x86_64-fedora-gcc | 0.3.0 | 56.06 | NOTE | |||
r-devel-macos-arm64 | 0.3.0 | 23.00 | OK | |||
r-devel-macos-x86_64 | 0.3.0 | 39.00 | OK | |||
r-devel-windows-x86_64 | 0.3.0 | 5.00 | 57.00 | 62.00 | OK | |
r-patched-linux-x86_64 | 0.3.0 | 3.37 | 32.05 | 35.42 | OK | |
r-release-linux-x86_64 | 0.3.0 | 2.30 | 31.31 | 33.61 | OK | |
r-release-macos-arm64 | 0.3.0 | 23.00 | OK | |||
r-release-macos-x86_64 | 0.3.0 | 39.00 | OK | |||
r-release-windows-x86_64 | 0.3.0 | 5.00 | 3.00 | 8.00 | FAIL | |
r-oldrel-macos-arm64 | 0.3.0 | 22.00 | OK | |||
r-oldrel-macos-x86_64 | 0.3.0 | 28.00 | OK | |||
r-oldrel-windows-x86_64 | 0.3.0 | 6.00 | 62.00 | 68.00 | OK |
Version: 0.3.0
Check: package dependencies
Result: ERROR
Package required but not available: ‘Rgraphviz’
See section ‘The DESCRIPTION file’ in the ‘Writing R Extensions’
manual.
Flavor: r-devel-linux-x86_64-debian-gcc
Version: 0.3.0
Check: dependencies in R code
Result: NOTE
Namespaces in Imports field not imported from:
‘Rgraphviz’ ‘fastDummies’
All declared Imports should be used.
Flavors: r-devel-linux-x86_64-fedora-clang, r-devel-linux-x86_64-fedora-gcc
Version: 0.3.0
Check: package dependencies
Result: FAIL
Flavor: r-release-windows-x86_64