CRAN Package Check Results for Package bmem

Last updated on 2025-02-17 07:50:28 CET.

Flavor Version Tinstall Tcheck Ttotal Status Flags
r-devel-linux-x86_64-debian-clang 2.1 11.99 91.59 103.58 NOTE
r-devel-linux-x86_64-debian-gcc 2.1 8.14 65.53 73.67 NOTE
r-devel-linux-x86_64-fedora-clang 2.1 167.81 OK
r-devel-linux-x86_64-fedora-gcc 2.1 159.16 OK
r-devel-macos-arm64 2.1 46.00 OK
r-devel-macos-x86_64 2.1 97.00 OK
r-devel-windows-x86_64 2.1 12.00 104.00 116.00 NOTE
r-patched-linux-x86_64 2.1 16.19 85.80 101.99 OK
r-release-linux-x86_64 2.1 10.40 84.97 95.37 OK
r-release-macos-arm64 2.1 48.00 OK
r-release-macos-x86_64 2.1 71.00 OK
r-release-windows-x86_64 2.1 14.00 106.00 120.00 OK
r-oldrel-macos-arm64 2.1 58.00 OK
r-oldrel-macos-x86_64 2.1 119.00 OK
r-oldrel-windows-x86_64 2.1 17.00 121.00 138.00 OK

Check Details

Version: 2.1
Check: Rd cross-references
Result: NOTE Found the following Rd file(s) with Rd \link{} targets missing package anchors: bmem.Rd: sem bmem.bs.Rd: sem bmem.em.Rd: sem bmem.em.boot.Rd: sem bmem.em.jack.Rd: sem bmem.list.Rd: sem bmem.list.boot.Rd: sem bmem.list.jack.Rd: sem bmem.mi.Rd: sem bmem.mi.boot.Rd: sem bmem.mi.jack.Rd: sem bmem.pair.Rd: sem bmem.pair.boot.Rd: sem bmem.pair.jack.Rd: sem bmem.sobel.Rd: sem popPar.Rd: lavaan power.basic.Rd: model.syntax power.boot.Rd: model.syntax power.curve.Rd: model.syntax summary.power.Rd: lavaan Please provide package anchors for all Rd \link{} targets not in the package itself and the base packages. Flavors: r-devel-linux-x86_64-debian-clang, r-devel-linux-x86_64-debian-gcc, r-devel-windows-x86_64