Last updated on 2025-02-19 07:53:37 CET.
Flavor | Version | Tinstall | Tcheck | Ttotal | Status | Flags |
---|---|---|---|---|---|---|
r-devel-linux-x86_64-debian-clang | 0.1.2 | 6.41 | 60.96 | 67.37 | OK | |
r-devel-linux-x86_64-debian-gcc | 0.1.2 | 4.81 | 46.64 | 51.45 | OK | |
r-devel-linux-x86_64-fedora-clang | 0.1.2 | 111.23 | OK | |||
r-devel-linux-x86_64-fedora-gcc | 0.1.2 | 101.71 | OK | |||
r-devel-macos-arm64 | 0.1.2 | 36.00 | OK | |||
r-devel-macos-x86_64 | 0.1.2 | 79.00 | OK | |||
r-devel-windows-x86_64 | 0.1.2 | 7.00 | 76.00 | 83.00 | OK | |
r-patched-linux-x86_64 | 0.1.2 | 6.62 | 57.22 | 63.84 | OK | |
r-release-linux-x86_64 | 0.1.2 | 6.48 | 56.94 | 63.42 | OK | |
r-release-macos-arm64 | 0.1.2 | 36.00 | OK | |||
r-release-macos-x86_64 | 0.1.2 | 78.00 | OK | |||
r-release-windows-x86_64 | 0.1.2 | 7.00 | 3.00 | 10.00 | FAIL | |
r-oldrel-macos-arm64 | 0.1.2 | 41.00 | OK | |||
r-oldrel-macos-x86_64 | 0.1.2 | 60.00 | OK | |||
r-oldrel-windows-x86_64 | 0.1.2 | 9.00 | 104.00 | 113.00 | OK |
Version: 0.1.2
Check: package dependencies
Result: FAIL
Flavor: r-release-windows-x86_64