Last updated on 2024-07-26 07:51:39 CEST.
Flavor | Version | Tinstall | Tcheck | Ttotal | Status | Flags |
---|---|---|---|---|---|---|
r-devel-linux-x86_64-debian-clang | 0.5-5 | 818.26 | 278.08 | 1096.34 | NOTE | |
r-devel-linux-x86_64-debian-gcc | 0.5-5 | 606.05 | 225.53 | 831.58 | NOTE | |
r-devel-linux-x86_64-fedora-clang | 0.5-5 | 1211.03 | NOTE | |||
r-devel-linux-x86_64-fedora-gcc | 0.5-5 | 1589.73 | NOTE | |||
r-devel-windows-x86_64 | 0.5-5 | 509.00 | 246.00 | 755.00 | NOTE | |
r-patched-linux-x86_64 | 0.5-5 | NOTE | ||||
r-release-linux-x86_64 | 0.5-5 | 0.02 | 2.53 | 2.55 | ERROR | |
r-release-macos-arm64 | 0.5-5 | 341.00 | NOTE | |||
r-release-macos-x86_64 | 0.5-5 | 910.00 | NOTE | |||
r-release-windows-x86_64 | 0.5-5 | 491.00 | 240.00 | 731.00 | NOTE | |
r-oldrel-macos-arm64 | 0.5-5 | 344.00 | NOTE | |||
r-oldrel-macos-x86_64 | 0.5-5 | 688.00 | NOTE | |||
r-oldrel-windows-x86_64 | 0.5-5 | 716.00 | 296.00 | 1012.00 | NOTE |
Version: 0.5-5
Check: package dependencies
Result: NOTE
Package suggested but not available for checking: ‘cmdstanr’
Flavors: r-devel-linux-x86_64-debian-clang, r-devel-linux-x86_64-debian-gcc, r-devel-linux-x86_64-fedora-clang, r-devel-linux-x86_64-fedora-gcc, r-devel-windows-x86_64, r-patched-linux-x86_64, r-release-linux-x86_64, r-release-macos-arm64, r-release-macos-x86_64, r-release-windows-x86_64, r-oldrel-macos-arm64, r-oldrel-macos-x86_64, r-oldrel-windows-x86_64
Version: 0.5-5
Check: for GNU extensions in Makefiles
Result: NOTE
GNU make is a SystemRequirements.
Flavors: r-devel-linux-x86_64-debian-clang, r-devel-linux-x86_64-debian-gcc, r-devel-linux-x86_64-fedora-clang, r-devel-linux-x86_64-fedora-gcc, r-devel-windows-x86_64, r-patched-linux-x86_64, r-release-macos-arm64, r-release-macos-x86_64, r-release-windows-x86_64, r-oldrel-macos-arm64, r-oldrel-macos-x86_64, r-oldrel-windows-x86_64
Version: 0.5-5
Check: Rd cross-references
Result: NOTE
Found the following Rd file(s) with Rd \link{} targets missing package
anchors:
bcfa.Rd: lavaan, lavaan-class
bgrowth.Rd: lavaan
blavFitIndices.Rd: lavaan-class
blavInspect.Rd: lavaan, lavInspect
blavaan-class.Rd: standardizedSolution, fitMeasures
blavaan.Rd: lavaan, lavaan-class
bsem.Rd: lavaan, lavaan-class
ppmc.Rd: lavaan-class
Please provide package anchors for all Rd \link{} targets not in the
package itself and the base packages.
Flavors: r-devel-linux-x86_64-debian-gcc, r-devel-windows-x86_64
Version: 0.5-5
Check: installed package size
Result: NOTE
installed size is 11.5Mb
sub-directories of 1Mb or more:
R 1.2Mb
libs 8.5Mb
testdata 1.4Mb
Flavors: r-devel-linux-x86_64-fedora-clang, r-devel-windows-x86_64, r-release-macos-arm64, r-release-macos-x86_64, r-release-windows-x86_64, r-oldrel-macos-arm64, r-oldrel-macos-x86_64, r-oldrel-windows-x86_64
Version: 0.5-5
Check: whether package can be installed
Result: ERROR
Installation failed.
Flavor: r-release-linux-x86_64