Last updated on 2025-02-19 07:53:37 CET.
Flavor | Version | Tinstall | Tcheck | Ttotal | Status | Flags |
---|---|---|---|---|---|---|
r-devel-linux-x86_64-debian-clang | 0.9-3 | 3.35 | 27.21 | 30.56 | OK | |
r-devel-linux-x86_64-debian-gcc | 0.9-3 | 2.81 | 21.37 | 24.18 | OK | |
r-devel-linux-x86_64-fedora-clang | 0.9-3 | 50.44 | OK | |||
r-devel-linux-x86_64-fedora-gcc | 0.9-3 | 46.60 | OK | |||
r-devel-macos-arm64 | 0.9-3 | 20.00 | OK | |||
r-devel-macos-x86_64 | 0.9-3 | 43.00 | OK | |||
r-devel-windows-x86_64 | 0.9-3 | 7.00 | 51.00 | 58.00 | OK | |
r-patched-linux-x86_64 | 0.9-3 | 3.34 | 26.02 | 29.36 | OK | |
r-release-linux-x86_64 | 0.9-3 | 3.52 | 25.70 | 29.22 | OK | |
r-release-macos-arm64 | 0.9-3 | 23.00 | OK | |||
r-release-macos-x86_64 | 0.9-3 | 45.00 | OK | |||
r-release-windows-x86_64 | 0.9-3 | 7.00 | 3.00 | 10.00 | FAIL | |
r-oldrel-macos-arm64 | 0.9-3 | 30.00 | OK | |||
r-oldrel-macos-x86_64 | 0.9-3 | 52.00 | OK | |||
r-oldrel-windows-x86_64 | 0.9-3 | 8.00 | 51.00 | 59.00 | OK |
Version: 0.9-3
Check: package dependencies
Result: FAIL
Flavor: r-release-windows-x86_64