Last updated on 2024-05-11 07:51:21 CEST.
Flavor | Version | Tinstall | Tcheck | Ttotal | Status | Flags |
---|---|---|---|---|---|---|
r-devel-linux-x86_64-debian-clang | 1.9.1 | 5.19 | 51.90 | 57.09 | NOTE | |
r-devel-linux-x86_64-debian-gcc | 1.9.1 | 3.50 | 38.69 | 42.19 | NOTE | |
r-devel-linux-x86_64-fedora-clang | 1.9.1 | 69.86 | NOTE | |||
r-devel-linux-x86_64-fedora-gcc | 1.9.1 | 71.45 | NOTE | |||
r-devel-windows-x86_64 | 1.9.1 | 4.00 | 64.00 | 68.00 | NOTE | |
r-patched-linux-x86_64 | 1.9.1 | 5.57 | 50.37 | 55.94 | NOTE | |
r-release-linux-x86_64 | 1.9.1 | 4.37 | 48.52 | 52.89 | NOTE | |
r-release-macos-arm64 | 1.9.1 | 25.00 | NOTE | |||
r-release-windows-x86_64 | 1.9.1 | 4.00 | 65.00 | 69.00 | NOTE | |
r-oldrel-macos-arm64 | 1.9.1 | 27.00 | NOTE | |||
r-oldrel-macos-x86_64 | 1.9.1 | 39.00 | NOTE | |||
r-oldrel-windows-x86_64 | 1.9.1 | 6.00 | 67.00 | 73.00 | NOTE |
Version: 1.9.1
Check: package dependencies
Result: NOTE
Package suggested but not available for checking: ‘ffbase’
Flavors: r-devel-linux-x86_64-debian-clang, r-devel-linux-x86_64-debian-gcc, r-devel-linux-x86_64-fedora-clang, r-devel-linux-x86_64-fedora-gcc, r-devel-windows-x86_64, r-patched-linux-x86_64, r-release-linux-x86_64, r-release-macos-arm64, r-release-windows-x86_64, r-oldrel-macos-arm64, r-oldrel-macos-x86_64, r-oldrel-windows-x86_64