Last updated on 2025-07-01 07:50:07 CEST.
Flavor | Version | Tinstall | Tcheck | Ttotal | Status | Flags |
---|---|---|---|---|---|---|
r-devel-linux-x86_64-debian-clang | 0.7.2 | 27.42 | 34.82 | 62.24 | NOTE | |
r-devel-linux-x86_64-debian-gcc | 0.7.2 | 18.92 | 27.00 | 45.92 | NOTE | |
r-devel-linux-x86_64-fedora-clang | 0.7.2 | 113.70 | NOTE | |||
r-devel-linux-x86_64-fedora-gcc | 0.7.2 | 112.54 | NOTE | |||
r-devel-windows-x86_64 | 0.7.2 | 34.00 | 73.00 | 107.00 | NOTE | |
r-patched-linux-x86_64 | NOTE | |||||
r-release-linux-x86_64 | 0.7.2 | 26.24 | 32.35 | 58.59 | NOTE | |
r-release-macos-arm64 | 0.7.2 | 50.00 | NOTE | |||
r-release-macos-x86_64 | 0.7.2 | 63.00 | NOTE | |||
r-release-windows-x86_64 | 0.7.2 | 34.00 | 72.00 | 106.00 | NOTE | |
r-oldrel-macos-arm64 | 0.7.2 | 40.00 | NOTE | |||
r-oldrel-macos-x86_64 | 0.7.2 | 84.00 | NOTE | |||
r-oldrel-windows-x86_64 | 0.7.2 | 37.00 | 89.00 | 126.00 | NOTE |
Version: 0.7.2
Check: C++ specification
Result: NOTE
Specified C++11: please drop specification unless essential
Flavors: r-devel-linux-x86_64-debian-clang, r-devel-linux-x86_64-debian-gcc, r-devel-linux-x86_64-fedora-clang, r-devel-linux-x86_64-fedora-gcc, r-devel-windows-x86_64, r-patched-linux-x86_64, r-release-linux-x86_64, r-release-macos-arm64, r-release-macos-x86_64, r-release-windows-x86_64, r-oldrel-macos-arm64, r-oldrel-macos-x86_64, r-oldrel-windows-x86_64