Last updated on 2025-02-19 07:53:37 CET.
Flavor | Version | Tinstall | Tcheck | Ttotal | Status | Flags |
---|---|---|---|---|---|---|
r-devel-linux-x86_64-debian-clang | 0.37.3 | 8.20 | 71.05 | 79.25 | OK | |
r-devel-linux-x86_64-debian-gcc | 0.37.3 | 5.97 | 49.94 | 55.91 | OK | |
r-devel-linux-x86_64-fedora-clang | 0.37.3 | 128.25 | OK | |||
r-devel-linux-x86_64-fedora-gcc | 0.37.3 | 123.25 | OK | |||
r-devel-macos-arm64 | 0.37.3 | 36.00 | OK | |||
r-devel-macos-x86_64 | 0.37.3 | 95.00 | OK | |||
r-devel-windows-x86_64 | 0.37.3 | 10.00 | 90.00 | 100.00 | OK | |
r-patched-linux-x86_64 | 0.37.3 | 8.62 | 65.77 | 74.39 | OK | |
r-release-linux-x86_64 | 0.37.3 | 8.27 | 64.54 | 72.81 | OK | |
r-release-macos-arm64 | 0.37.3 | 37.00 | OK | |||
r-release-macos-x86_64 | 0.37.3 | 60.00 | OK | |||
r-release-windows-x86_64 | 0.37.3 | 10.00 | 3.00 | 13.00 | FAIL | |
r-oldrel-macos-arm64 | 0.37.3 | 40.00 | OK | |||
r-oldrel-macos-x86_64 | 0.37.3 | 65.00 | NOTE | |||
r-oldrel-windows-x86_64 | 0.37.3 | 13.00 | 111.00 | 124.00 | OK |
Version: 0.37.3
Check: package dependencies
Result: FAIL
Flavor: r-release-windows-x86_64
Version: 0.37.3
Check: package dependencies
Result: NOTE
Package which this enhances but not available for checking: ‘caret’
Flavor: r-oldrel-macos-x86_64