CRAN Package Check Results for Package befproj

Last updated on 2025-06-30 07:49:15 CEST.

Flavor Version Tinstall Tcheck Ttotal Status Flags
r-devel-linux-x86_64-debian-clang 0.1.1 2.59 24.45 27.04 NOTE
r-devel-linux-x86_64-debian-gcc 0.1.1 1.79 19.79 21.58 NOTE
r-devel-linux-x86_64-fedora-clang 0.1.1 39.98 OK
r-devel-linux-x86_64-fedora-gcc 0.1.1 37.77 OK
r-devel-windows-x86_64 0.1.1 4.00 44.00 48.00 OK
r-patched-linux-x86_64 OK
r-release-linux-x86_64 0.1.1 2.27 22.07 24.34 OK
r-release-macos-arm64 0.1.1 23.00 OK
r-release-macos-x86_64 0.1.1 30.00 OK
r-release-windows-x86_64 0.1.1 4.00 44.00 48.00 OK
r-oldrel-macos-arm64 0.1.1 18.00 OK
r-oldrel-macos-x86_64 0.1.1 30.00 OK
r-oldrel-windows-x86_64 0.1.1 5.00 47.00 52.00 OK

Check Details

Version: 0.1.1
Check: CRAN incoming feasibility
Result: NOTE Maintainer: ‘Peter Thuresson <jpeter.thuresson@gmail.com>’ No Authors@R field in DESCRIPTION. Please add one, modifying Authors@R: person(given = "Peter", family = "Thuresson", role = c("aut", "cre"), email = "jpeter.thuresson@gmail.com") as necessary. Flavors: r-devel-linux-x86_64-debian-clang, r-devel-linux-x86_64-debian-gcc