Last updated on 2025-02-17 07:50:28 CET.
Flavor | Version | Tinstall | Tcheck | Ttotal | Status | Flags |
---|---|---|---|---|---|---|
r-devel-linux-x86_64-debian-clang | 0.8.5 | 24.40 | 107.07 | 131.47 | NOTE | |
r-devel-linux-x86_64-debian-gcc | 0.8.5 | 20.89 | 79.39 | 100.28 | NOTE | |
r-devel-linux-x86_64-fedora-clang | 0.8.5 | 215.38 | NOTE | |||
r-devel-linux-x86_64-fedora-gcc | 0.8.5 | 207.47 | NOTE | |||
r-devel-macos-arm64 | 0.8.5 | 50.00 | OK | |||
r-devel-macos-x86_64 | 0.8.5 | 134.00 | OK | |||
r-devel-windows-x86_64 | 0.8.5 | 18.00 | 114.00 | 132.00 | NOTE | |
r-patched-linux-x86_64 | 0.8.5 | 34.79 | 100.43 | 135.22 | OK | |
r-release-linux-x86_64 | 0.8.5 | 25.43 | 101.87 | 127.30 | OK | |
r-release-macos-arm64 | 0.8.5 | 51.00 | OK | |||
r-release-macos-x86_64 | 0.8.5 | 79.00 | OK | |||
r-release-windows-x86_64 | 0.8.5 | 19.00 | 96.00 | 115.00 | OK | |
r-oldrel-macos-arm64 | 0.8.5 | 41.00 | OK | |||
r-oldrel-macos-x86_64 | 0.8.5 | 67.00 | OK | |||
r-oldrel-windows-x86_64 | 0.8.5 | 24.00 | 135.00 | 159.00 | OK |
Version: 0.8.5
Check: Rd cross-references
Result: NOTE
Found the following Rd file(s) with Rd \link{} targets missing package
anchors:
stan.Rd: stan
Please provide package anchors for all Rd \link{} targets not in the
package itself and the base packages.
Flavors: r-devel-linux-x86_64-debian-clang, r-devel-linux-x86_64-debian-gcc, r-devel-windows-x86_64
Version: 0.8.5
Check: dependencies in R code
Result: NOTE
Namespace in Imports field not imported from: ‘dplyr’
All declared Imports should be used.
Flavors: r-devel-linux-x86_64-fedora-clang, r-devel-linux-x86_64-fedora-gcc