Last updated on 2025-06-30 07:49:15 CEST.
Flavor | Version | Tinstall | Tcheck | Ttotal | Status | Flags |
---|---|---|---|---|---|---|
r-devel-linux-x86_64-debian-clang | 2.1.3.0 | 27.33 | 207.96 | 235.29 | OK | |
r-devel-linux-x86_64-debian-gcc | 2.1.3.0 | 18.94 | 149.26 | 168.20 | OK | |
r-devel-linux-x86_64-fedora-clang | 2.1.3.0 | 387.14 | OK | |||
r-devel-linux-x86_64-fedora-gcc | 2.1.3.0 | 358.94 | OK | |||
r-devel-windows-x86_64 | 2.1.3.0 | 26.00 | 212.00 | 238.00 | OK | |
r-patched-linux-x86_64 | OK | |||||
r-release-linux-x86_64 | 2.1.3.0 | 24.37 | 198.73 | 223.10 | OK | |
r-release-macos-arm64 | 2.1.3.0 | 106.00 | OK | |||
r-release-macos-x86_64 | 2.1.3.0 | 345.00 | OK | |||
r-release-windows-x86_64 | 2.1.3.0 | 26.00 | 206.00 | 232.00 | OK | |
r-oldrel-macos-arm64 | 2.1.3.0 | 110.00 | NOTE | |||
r-oldrel-macos-x86_64 | 2.1.3.0 | 344.00 | NOTE | |||
r-oldrel-windows-x86_64 | 2.1.3.0 | 38.00 | 271.00 | 309.00 | NOTE |
Version: 2.1.3.0
Check: installed package size
Result: NOTE
installed size is 5.3Mb
sub-directories of 1Mb or more:
data 3.7Mb
Flavors: r-oldrel-macos-arm64, r-oldrel-macos-x86_64, r-oldrel-windows-x86_64