Last updated on 2024-05-13 07:49:55 CEST.
Flavor | Version | Tinstall | Tcheck | Ttotal | Status | Flags |
---|---|---|---|---|---|---|
r-devel-linux-x86_64-debian-clang | 1.0.1 | 222.04 | 61.63 | 283.67 | NOTE | |
r-devel-linux-x86_64-debian-gcc | 1.0.1 | 184.09 | 44.47 | 228.56 | NOTE | |
r-devel-linux-x86_64-fedora-clang | 1.0.1 | 421.00 | NOTE | |||
r-devel-linux-x86_64-fedora-gcc | 1.0.1 | 518.46 | NOTE | |||
r-devel-windows-x86_64 | 1.0.1 | 194.00 | 106.00 | 300.00 | NOTE | |
r-patched-linux-x86_64 | 1.0.1 | 234.44 | 56.14 | 290.58 | NOTE | |
r-release-linux-x86_64 | 1.0.1 | 224.72 | 56.83 | 281.55 | NOTE | |
r-release-macos-arm64 | 1.0.1 | 87.00 | NOTE | |||
r-release-windows-x86_64 | 1.0.1 | 194.00 | 105.00 | 299.00 | NOTE | |
r-oldrel-macos-arm64 | 1.0.1 | 107.00 | NOTE | |||
r-oldrel-macos-x86_64 | 1.0.1 | 216.00 | NOTE | |||
r-oldrel-windows-x86_64 | 1.0.1 | 229.00 | 135.00 | 364.00 | NOTE |
Version: 1.0.1
Check: C++ specification
Result: NOTE
Specified C++11: please drop specification unless essential
Flavors: r-devel-linux-x86_64-debian-clang, r-devel-linux-x86_64-debian-gcc, r-devel-linux-x86_64-fedora-clang, r-devel-linux-x86_64-fedora-gcc, r-devel-windows-x86_64, r-patched-linux-x86_64, r-release-linux-x86_64, r-release-macos-arm64, r-release-windows-x86_64, r-oldrel-macos-arm64, r-oldrel-macos-x86_64, r-oldrel-windows-x86_64
Version: 1.0.1
Check: Rd files
Result: NOTE
checkRd: (-1) predict.bayeslm.fit.Rd:18: Lost braces; missing escapes or markup?
18 | \item{X }{ If call \code{bayeslm} with matrices input \code{x} and {y} but not formula, pass new matrix to predict here. See example for details.}
| ^
Flavors: r-devel-linux-x86_64-debian-clang, r-devel-linux-x86_64-debian-gcc, r-devel-linux-x86_64-fedora-clang, r-devel-linux-x86_64-fedora-gcc, r-devel-windows-x86_64, r-patched-linux-x86_64, r-release-linux-x86_64, r-release-macos-arm64, r-release-windows-x86_64
Version: 1.0.1
Check: for GNU extensions in Makefiles
Result: NOTE
GNU make is a SystemRequirements.
Flavors: r-devel-linux-x86_64-debian-clang, r-devel-linux-x86_64-debian-gcc, r-devel-linux-x86_64-fedora-clang, r-devel-linux-x86_64-fedora-gcc, r-devel-windows-x86_64, r-patched-linux-x86_64, r-release-linux-x86_64, r-release-macos-arm64, r-release-windows-x86_64, r-oldrel-macos-arm64, r-oldrel-macos-x86_64, r-oldrel-windows-x86_64
Version: 1.0.1
Check: installed package size
Result: NOTE
installed size is 8.3Mb
sub-directories of 1Mb or more:
libs 8.1Mb
Flavors: r-release-macos-arm64, r-oldrel-macos-arm64, r-oldrel-macos-x86_64