Last updated on 2025-06-30 07:49:15 CEST.
Flavor | Version | Tinstall | Tcheck | Ttotal | Status | Flags |
---|---|---|---|---|---|---|
r-devel-linux-x86_64-debian-clang | 1.3.4 | 663.21 | 365.90 | 1029.11 | OK | |
r-devel-linux-x86_64-debian-gcc | 1.3.4 | 551.51 | 292.55 | 844.06 | OK | |
r-devel-linux-x86_64-fedora-clang | 1.3.4 | 1456.20 | OK | |||
r-devel-linux-x86_64-fedora-gcc | 1.3.4 | 1830.98 | OK | |||
r-devel-windows-x86_64 | 1.3.4 | 608.00 | 432.00 | 1040.00 | OK | |
r-patched-linux-x86_64 | OK | |||||
r-release-linux-x86_64 | 1.3.4 | 666.84 | 412.46 | 1079.30 | OK | |
r-release-macos-arm64 | 1.3.4 | 409.00 | OK | |||
r-release-macos-x86_64 | 1.3.4 | 985.00 | OK | |||
r-release-windows-x86_64 | 1.3.4 | 590.00 | 426.00 | 1016.00 | OK | |
r-oldrel-macos-arm64 | 1.3.4 | 318.00 | NOTE | |||
r-oldrel-macos-x86_64 | 1.3.4 | 407.00 | NOTE | |||
r-oldrel-windows-x86_64 | 1.3.4 | 714.00 | 544.00 | 1258.00 | NOTE |
Version: 1.3.4
Check: installed package size
Result: NOTE
installed size is 147.5Mb
sub-directories of 1Mb or more:
doc 1.0Mb
libs 146.0Mb
Flavors: r-oldrel-macos-arm64, r-oldrel-macos-x86_64, r-oldrel-windows-x86_64
Version: 1.3.4
Check: for GNU extensions in Makefiles
Result: NOTE
GNU make is a SystemRequirements.
Flavors: r-oldrel-macos-arm64, r-oldrel-macos-x86_64, r-oldrel-windows-x86_64