Last updated on 2025-10-31 07:51:40 CET.
| Flavor | Version | Tinstall | Tcheck | Ttotal | Status | Flags | 
|---|---|---|---|---|---|---|
| r-devel-linux-x86_64-debian-clang | 1.3.7 | 43.75 | 179.58 | 223.33 | OK | |
| r-devel-linux-x86_64-debian-gcc | 1.3.7 | 29.07 | 126.94 | 156.01 | OK | |
| r-devel-linux-x86_64-fedora-clang | 1.3.7 | 94.00 | 263.42 | 357.42 | OK | |
| r-devel-linux-x86_64-fedora-gcc | 1.3.7 | 84.00 | 265.53 | 349.53 | OK | |
| r-devel-windows-x86_64 | 1.3.7 | 52.00 | 167.00 | 219.00 | OK | |
| r-patched-linux-x86_64 | 1.3.7 | 42.75 | 168.58 | 211.33 | OK | |
| r-release-linux-x86_64 | 1.3.7 | 44.13 | 169.10 | 213.23 | OK | |
| r-release-macos-arm64 | 1.3.7 | 23.00 | 93.00 | 116.00 | OK | |
| r-release-macos-x86_64 | 1.3.7 | 25.00 | 125.00 | 150.00 | OK | |
| r-release-windows-x86_64 | 1.3.7 | 50.00 | 167.00 | 217.00 | OK | |
| r-oldrel-macos-arm64 | 1.3.7 | 14.00 | 68.00 | 82.00 | NOTE | |
| r-oldrel-macos-x86_64 | 1.3.7 | 38.00 | 170.00 | 208.00 | NOTE | |
| r-oldrel-windows-x86_64 | 1.3.7 | 60.00 | 223.00 | 283.00 | OK | 
Version: 1.3.7
Check: installed package size
Result: NOTE
    installed size is  5.3Mb
    sub-directories of 1Mb or more:
      doc    2.2Mb
      libs   2.4Mb
Flavors: r-oldrel-macos-arm64, r-oldrel-macos-x86_64