Last updated on 2025-07-15 07:49:25 CEST.
Flavor | Version | Tinstall | Tcheck | Ttotal | Status | Flags |
---|---|---|---|---|---|---|
r-devel-linux-x86_64-debian-clang | 1.6.0 | 22.84 | 137.62 | 160.46 | NOTE | |
r-devel-linux-x86_64-debian-gcc | 1.6.0 | 13.56 | 89.41 | 102.97 | NOTE | |
r-devel-linux-x86_64-fedora-clang | 1.6.0 | 264.61 | NOTE | |||
r-devel-linux-x86_64-fedora-gcc | 1.6.0 | 250.00 | NOTE | |||
r-devel-windows-x86_64 | 1.6.0 | 23.00 | 165.00 | 188.00 | NOTE | |
r-patched-linux-x86_64 | 1.6.0 | 25.34 | 129.39 | 154.73 | NOTE | |
r-release-linux-x86_64 | 1.6.0 | 19.16 | 127.05 | 146.21 | NOTE | |
r-release-macos-arm64 | 1.6.0 | 58.00 | NOTE | |||
r-release-macos-x86_64 | 1.6.0 | 110.00 | NOTE | |||
r-release-windows-x86_64 | 1.6.0 | 22.00 | 165.00 | 187.00 | NOTE | |
r-oldrel-macos-arm64 | 1.6.0 | 40.00 | OK | |||
r-oldrel-macos-x86_64 | 1.6.0 | 66.00 | OK | |||
r-oldrel-windows-x86_64 | 1.6.0 | 31.00 | 202.00 | 233.00 | OK |
Version: 1.6.0
Check: DESCRIPTION meta-information
Result: NOTE
Missing dependency on R >= 4.1.0 because package code uses the pipe
|> or function shorthand \(...) syntax added in R 4.1.0.
File(s) using such syntax:
‘chadwick_installation.R’
Flavors: r-devel-linux-x86_64-debian-clang, r-devel-linux-x86_64-debian-gcc, r-devel-linux-x86_64-fedora-clang, r-devel-linux-x86_64-fedora-gcc, r-devel-windows-x86_64, r-patched-linux-x86_64, r-release-linux-x86_64, r-release-macos-arm64, r-release-macos-x86_64, r-release-windows-x86_64