Last updated on 2025-02-19 07:53:36 CET.
Flavor | Version | Tinstall | Tcheck | Ttotal | Status | Flags |
---|---|---|---|---|---|---|
r-devel-linux-x86_64-debian-clang | 1.0-9 | 6.65 | 137.15 | 143.80 | OK | |
r-devel-linux-x86_64-debian-gcc | 1.0-9 | 3.57 | 91.41 | 94.98 | OK | |
r-devel-linux-x86_64-fedora-clang | 1.0-9 | 245.53 | OK | |||
r-devel-linux-x86_64-fedora-gcc | 1.0-9 | 232.72 | OK | |||
r-devel-macos-arm64 | 1.0-9 | 76.00 | OK | |||
r-devel-macos-x86_64 | 1.0-9 | 151.00 | OK | |||
r-devel-windows-x86_64 | 1.0-9 | 7.00 | 188.00 | 195.00 | OK | |
r-patched-linux-x86_64 | 1.0-9 | 6.62 | 134.30 | 140.92 | OK | |
r-release-linux-x86_64 | 1.0-9 | 6.03 | 134.46 | 140.49 | OK | |
r-release-macos-arm64 | 1.0-9 | 72.00 | OK | |||
r-release-macos-x86_64 | 1.0-9 | 184.00 | OK | |||
r-release-windows-x86_64 | 1.0-9 | 7.00 | 3.00 | 10.00 | FAIL | |
r-oldrel-macos-arm64 | 1.0-9 | 79.00 | OK | |||
r-oldrel-macos-x86_64 | 1.0-9 | 174.00 | OK | |||
r-oldrel-windows-x86_64 | 1.0-9 | 8.00 | 213.00 | 221.00 | OK |
Version: 1.0-9
Check: package dependencies
Result: FAIL
Flavor: r-release-windows-x86_64