Last updated on 2024-05-11 07:51:20 CEST.
Flavor | Version | Tinstall | Tcheck | Ttotal | Status | Flags |
---|---|---|---|---|---|---|
r-devel-linux-x86_64-debian-clang | 0.3.0 | 1.99 | 22.15 | 24.14 | NOTE | |
r-devel-linux-x86_64-debian-gcc | 0.3.0 | 1.47 | 17.73 | 19.20 | NOTE | |
r-devel-linux-x86_64-fedora-clang | 0.3.0 | 31.51 | NOTE | |||
r-devel-linux-x86_64-fedora-gcc | 0.3.0 | 34.72 | NOTE | |||
r-devel-windows-x86_64 | 0.3.0 | 3.00 | 40.00 | 43.00 | NOTE | |
r-patched-linux-x86_64 | 0.3.0 | 2.09 | 23.47 | 25.56 | NOTE | |
r-release-linux-x86_64 | 0.3.0 | 1.97 | 23.30 | 25.27 | NOTE | |
r-release-macos-arm64 | 0.3.0 | 17.00 | NOTE | |||
r-release-windows-x86_64 | 0.3.0 | 3.00 | 46.00 | 49.00 | NOTE | |
r-oldrel-macos-arm64 | 0.3.0 | 16.00 | NOTE | |||
r-oldrel-macos-x86_64 | 0.3.0 | 20.00 | NOTE | |||
r-oldrel-windows-x86_64 | 0.3.0 | 3.00 | 42.00 | 45.00 | NOTE |
Version: 0.3.0
Check: LazyData
Result: NOTE
'LazyData' is specified without a 'data' directory
Flavors: r-devel-linux-x86_64-debian-clang, r-devel-linux-x86_64-debian-gcc, r-devel-linux-x86_64-fedora-clang, r-devel-linux-x86_64-fedora-gcc, r-devel-windows-x86_64, r-patched-linux-x86_64, r-release-linux-x86_64, r-release-macos-arm64, r-release-windows-x86_64, r-oldrel-macos-arm64, r-oldrel-macos-x86_64, r-oldrel-windows-x86_64