Last updated on 2025-02-17 07:50:28 CET.
Flavor | Version | Tinstall | Tcheck | Ttotal | Status | Flags |
---|---|---|---|---|---|---|
r-devel-linux-x86_64-debian-clang | 0.2.2 | 1.92 | 24.10 | 26.02 | NOTE | |
r-devel-linux-x86_64-debian-gcc | 0.2.2 | 1.56 | 19.57 | 21.13 | NOTE | |
r-devel-linux-x86_64-fedora-clang | 0.2.2 | 44.76 | NOTE | |||
r-devel-linux-x86_64-fedora-gcc | 0.2.2 | 55.90 | NOTE | |||
r-devel-macos-arm64 | 0.2.2 | 24.00 | OK | |||
r-devel-macos-x86_64 | 0.2.2 | 44.00 | NOTE | |||
r-devel-windows-x86_64 | 0.2.2 | 2.00 | 47.00 | 49.00 | NOTE | |
r-patched-linux-x86_64 | 0.2.2 | 1.87 | 23.06 | 24.93 | OK | |
r-release-linux-x86_64 | 0.2.2 | 1.86 | 23.17 | 25.03 | OK | |
r-release-macos-arm64 | 0.2.2 | 28.00 | OK | |||
r-release-macos-x86_64 | 0.2.2 | 43.00 | OK | |||
r-release-windows-x86_64 | 0.2.2 | 4.00 | 53.00 | 57.00 | OK | |
r-oldrel-macos-arm64 | 0.2.2 | 25.00 | OK | |||
r-oldrel-macos-x86_64 | 0.2.2 | 68.00 | OK | |||
r-oldrel-windows-x86_64 | 0.2.2 | 3.00 | 55.00 | 58.00 | OK |
Version: 0.2.2
Check: DESCRIPTION meta-information
Result: NOTE
Missing dependency on R >= 4.1.0 because package code uses the pipe
|> or function shorthand \(...) syntax added in R 4.1.0.
File(s) using such syntax:
‘round_rect.r’ ‘waffle.r’
Flavors: r-devel-linux-x86_64-debian-clang, r-devel-linux-x86_64-debian-gcc, r-devel-linux-x86_64-fedora-clang, r-devel-linux-x86_64-fedora-gcc, r-devel-macos-x86_64, r-devel-windows-x86_64