Last updated on 2025-02-19 07:53:36 CET.
Flavor | Version | Tinstall | Tcheck | Ttotal | Status | Flags |
---|---|---|---|---|---|---|
r-devel-linux-x86_64-debian-clang | 1.0.1 | 36.65 | 39.56 | 76.21 | OK | |
r-devel-linux-x86_64-debian-gcc | 1.0.1 | 32.07 | 30.16 | 62.23 | OK | |
r-devel-linux-x86_64-fedora-clang | 1.0.1 | 122.72 | OK | |||
r-devel-linux-x86_64-fedora-gcc | 1.0.1 | 124.51 | OK | |||
r-devel-macos-arm64 | 1.0.1 | 57.00 | OK | |||
r-devel-macos-x86_64 | 1.0.1 | 92.00 | OK | |||
r-devel-windows-x86_64 | 1.0.1 | 40.00 | 61.00 | 101.00 | OK | |
r-patched-linux-x86_64 | 1.0.1 | 37.50 | 37.93 | 75.43 | OK | |
r-release-linux-x86_64 | 1.0.1 | 37.26 | 37.65 | 74.91 | OK | |
r-release-macos-arm64 | 1.0.1 | 53.00 | NOTE | |||
r-release-macos-x86_64 | 1.0.1 | 71.00 | NOTE | |||
r-release-windows-x86_64 | 1.0.1 | 41.00 | 3.00 | 44.00 | FAIL | |
r-oldrel-macos-arm64 | 1.0.1 | 55.00 | NOTE | |||
r-oldrel-macos-x86_64 | 1.0.1 | 78.00 | NOTE | |||
r-oldrel-windows-x86_64 | 1.0.1 | 50.00 | 91.00 | 141.00 | NOTE |
Version: 1.0.1
Check: installed package size
Result: NOTE
installed size is 6.3Mb
sub-directories of 1Mb or more:
data 6.2Mb
Flavors: r-release-macos-arm64, r-release-macos-x86_64, r-oldrel-macos-arm64, r-oldrel-macos-x86_64, r-oldrel-windows-x86_64
Version: 1.0.1
Check: package dependencies
Result: FAIL
Flavor: r-release-windows-x86_64