Last updated on 2025-06-30 07:49:15 CEST.
Flavor | Version | Tinstall | Tcheck | Ttotal | Status | Flags |
---|---|---|---|---|---|---|
r-devel-linux-x86_64-debian-clang | 1.0.1 | 55.40 | 439.84 | 495.24 | OK | |
r-devel-linux-x86_64-debian-gcc | 1.0.1 | 41.52 | 327.69 | 369.21 | OK | |
r-devel-linux-x86_64-fedora-clang | 1.0.1 | 779.51 | OK | |||
r-devel-linux-x86_64-fedora-gcc | 1.0.1 | 752.15 | OK | |||
r-devel-windows-x86_64 | 1.0.1 | 62.00 | 377.00 | 439.00 | OK | |
r-patched-linux-x86_64 | OK | |||||
r-release-linux-x86_64 | 1.0.1 | 54.87 | 407.32 | 462.19 | OK | |
r-release-macos-arm64 | 1.0.1 | 226.00 | OK | |||
r-release-macos-x86_64 | 1.0.1 | 282.00 | OK | |||
r-release-windows-x86_64 | 1.0.1 | 63.00 | 366.00 | 429.00 | OK | |
r-oldrel-macos-arm64 | 1.0.1 | 191.00 | NOTE | |||
r-oldrel-macos-x86_64 | 1.0.1 | 297.00 | NOTE | |||
r-oldrel-windows-x86_64 | 1.0.1 | 83.00 | 479.00 | 562.00 | NOTE |
Version: 1.0.1
Check: installed package size
Result: NOTE
installed size is 5.9Mb
sub-directories of 1Mb or more:
data 1.0Mb
doc 4.0Mb
Flavors: r-oldrel-macos-arm64, r-oldrel-macos-x86_64, r-oldrel-windows-x86_64