Last updated on 2025-02-19 07:53:36 CET.
Flavor | Version | Tinstall | Tcheck | Ttotal | Status | Flags |
---|---|---|---|---|---|---|
r-devel-linux-x86_64-debian-clang | 0.1.0 | 15.07 | 86.26 | 101.33 | OK | |
r-devel-linux-x86_64-debian-gcc | 0.1.0 | 8.79 | 63.50 | 72.29 | OK | |
r-devel-linux-x86_64-fedora-clang | 0.1.0 | 165.19 | NOTE | |||
r-devel-linux-x86_64-fedora-gcc | 0.1.0 | 156.70 | NOTE | |||
r-devel-macos-arm64 | 0.1.0 | 49.00 | OK | |||
r-devel-macos-x86_64 | 0.1.0 | 103.00 | OK | |||
r-devel-windows-x86_64 | 0.1.0 | 14.00 | 100.00 | 114.00 | OK | |
r-patched-linux-x86_64 | 0.1.0 | 14.19 | 80.75 | 94.94 | OK | |
r-release-linux-x86_64 | 0.1.0 | 13.72 | 79.72 | 93.44 | OK | |
r-release-macos-arm64 | 0.1.0 | 47.00 | OK | |||
r-release-macos-x86_64 | 0.1.0 | 73.00 | OK | |||
r-release-windows-x86_64 | 0.1.0 | 14.00 | 3.00 | 17.00 | FAIL | |
r-oldrel-macos-arm64 | 0.1.0 | 49.00 | OK | |||
r-oldrel-macos-x86_64 | 0.1.0 | 79.00 | OK | |||
r-oldrel-windows-x86_64 | 0.1.0 | 20.00 | 116.00 | 136.00 | OK |
Version: 0.1.0
Check: dependencies in R code
Result: NOTE
Namespace in Imports field not imported from: ‘abind’
All declared Imports should be used.
Flavors: r-devel-linux-x86_64-fedora-clang, r-devel-linux-x86_64-fedora-gcc
Version: 0.1.0
Check: package dependencies
Result: FAIL
Flavor: r-release-windows-x86_64