Last updated on 2025-05-09 07:50:49 CEST.
Flavor | Version | Tinstall | Tcheck | Ttotal | Status | Flags |
---|---|---|---|---|---|---|
r-devel-linux-x86_64-debian-clang | 0.1-2 | 1.51 | 17.89 | 19.40 | NOTE | |
r-devel-linux-x86_64-debian-gcc | 0.1-2 | 1.37 | 14.33 | 15.70 | NOTE | |
r-devel-linux-x86_64-fedora-clang | 0.1-2 | 31.05 | OK | |||
r-devel-linux-x86_64-fedora-gcc | 0.1-2 | 29.25 | OK | |||
r-devel-windows-x86_64 | 0.1-2 | 3.00 | 42.00 | 45.00 | OK | |
r-patched-linux-x86_64 | 0.1-2 | 1.71 | 16.95 | 18.66 | OK | |
r-release-linux-x86_64 | 0.1-2 | 1.31 | 17.13 | 18.44 | OK | |
r-release-macos-arm64 | 0.1-2 | 15.00 | OK | |||
r-release-macos-x86_64 | 0.1-2 | 22.00 | OK | |||
r-release-windows-x86_64 | 0.1-2 | 3.00 | 41.00 | 44.00 | OK | |
r-oldrel-macos-arm64 | 0.1-2 | 19.00 | OK | |||
r-oldrel-macos-x86_64 | 0.1-2 | 19.00 | OK | |||
r-oldrel-windows-x86_64 | 0.1-2 | 3.00 | 35.00 | 38.00 | OK |
Version: 0.1-2
Check: CRAN incoming feasibility
Result: NOTE
Maintainer: ‘Glen Meeden <glen@stat.umn.edu>’
No Authors@R field in DESCRIPTION.
Please add one, modifying
Authors@R: c(person(given = "Glen",
family = "Meeden.",
role = "aut",
email = "glen@stat.umn.edu"),
person(given = "Glen",
family = "Meeden",
role = "cre",
email = "glen@stat.umn.edu"))
as necessary.
Flavors: r-devel-linux-x86_64-debian-clang, r-devel-linux-x86_64-debian-gcc