Last updated on 2025-02-19 07:53:36 CET.
Flavor | Version | Tinstall | Tcheck | Ttotal | Status | Flags |
---|---|---|---|---|---|---|
r-devel-linux-x86_64-debian-clang | 0.2 | 2.52 | 25.78 | 28.30 | OK | |
r-devel-linux-x86_64-debian-gcc | 0.2 | 1.99 | 19.55 | 21.54 | OK | |
r-devel-linux-x86_64-fedora-clang | 0.2 | 45.34 | OK | |||
r-devel-linux-x86_64-fedora-gcc | 0.2 | 43.61 | OK | |||
r-devel-macos-arm64 | 0.2 | 19.00 | OK | |||
r-devel-macos-x86_64 | 0.2 | 31.00 | OK | |||
r-devel-windows-x86_64 | 0.2 | 4.00 | 46.00 | 50.00 | OK | |
r-patched-linux-x86_64 | 0.2 | 2.90 | 24.47 | 27.37 | OK | |
r-release-linux-x86_64 | 0.2 | 2.58 | 24.32 | 26.90 | OK | |
r-release-macos-arm64 | 0.2 | 18.00 | OK | |||
r-release-macos-x86_64 | 0.2 | 26.00 | OK | |||
r-release-windows-x86_64 | 0.2 | 4.00 | 3.00 | 7.00 | FAIL | |
r-oldrel-macos-arm64 | 0.2 | 17.00 | OK | |||
r-oldrel-macos-x86_64 | 0.2 | 23.00 | OK | |||
r-oldrel-windows-x86_64 | 0.2 | 4.00 | 46.00 | 50.00 | OK |
Version: 0.2
Check: package dependencies
Result: FAIL
Flavor: r-release-windows-x86_64