Last updated on 2025-01-16 07:50:11 CET.
Flavor | Version | Tinstall | Tcheck | Ttotal | Status | Flags |
---|---|---|---|---|---|---|
r-devel-linux-x86_64-debian-clang | 1.9-7 | 47.54 | 239.98 | 287.52 | NOTE | |
r-devel-linux-x86_64-debian-gcc | 1.11 | 33.93 | 166.99 | 200.92 | OK | |
r-devel-linux-x86_64-fedora-clang | 1.11 | 502.96 | OK | |||
r-devel-linux-x86_64-fedora-gcc | 1.11 | 481.74 | OK | |||
r-devel-windows-x86_64 | 1.9-7 | 41.00 | 277.00 | 318.00 | NOTE | |
r-patched-linux-x86_64 | 1.9-7 | 53.70 | 228.91 | 282.61 | OK | |
r-release-linux-x86_64 | 1.11 | 45.72 | 228.09 | 273.81 | OK | |
r-release-macos-arm64 | 1.11 | 190.00 | OK | |||
r-release-macos-x86_64 | 1.11 | 15.00 | ERROR | |||
r-release-windows-x86_64 | 1.11 | 42.00 | 263.00 | 305.00 | OK | |
r-oldrel-macos-arm64 | 1.11 | 114.00 | OK | |||
r-oldrel-macos-x86_64 | 1.11 | 15.00 | ERROR | |||
r-oldrel-windows-x86_64 | 1.11 | 40.00 | 293.00 | 333.00 | OK |
Version: 1.9-7
Check: Rd cross-references
Result: NOTE
Found the following Rd file(s) with Rd \link{} targets missing package
anchors:
bvn.plot.rd: wireframe
plot.pairw.rd: multcompLetters
pseudo.v.Rd: empinf, boot
qq.Plot.Rd: boot, envelope
r.pb.rd: corr
Please provide package anchors for all Rd \link{} targets not in the
package itself and the base packages.
Flavors: r-devel-linux-x86_64-debian-clang, r-devel-windows-x86_64
Version: 1.11
Check: whether package can be installed
Result: ERROR
Installation failed.
Flavors: r-release-macos-x86_64, r-oldrel-macos-x86_64