Last updated on 2024-05-11 07:51:19 CEST.
Flavor | Version | Tinstall | Tcheck | Ttotal | Status | Flags |
---|---|---|---|---|---|---|
r-devel-linux-x86_64-debian-clang | 2.2 | 40.38 | 29.20 | 69.58 | NOTE | |
r-devel-linux-x86_64-debian-gcc | 2.2 | 32.91 | 22.80 | 55.71 | NOTE | |
r-devel-linux-x86_64-fedora-clang | 2.2 | 100.17 | NOTE | |||
r-devel-linux-x86_64-fedora-gcc | 2.2 | 146.85 | NOTE | |||
r-devel-windows-x86_64 | 2.2 | 31.00 | 61.00 | 92.00 | NOTE | |
r-patched-linux-x86_64 | 2.2 | 43.51 | 28.28 | 71.79 | NOTE | |
r-release-linux-x86_64 | 2.2 | 37.48 | 29.12 | 66.60 | NOTE | |
r-release-macos-arm64 | 2.2 | 26.00 | NOTE | |||
r-release-windows-x86_64 | 2.2 | 31.00 | 58.00 | 89.00 | NOTE | |
r-oldrel-macos-arm64 | 2.2 | 29.00 | NOTE | |||
r-oldrel-macos-x86_64 | 2.2 | 46.00 | NOTE | |||
r-oldrel-windows-x86_64 | 2.2 | 40.00 | 66.00 | 106.00 | NOTE |
Version: 2.2
Check: C++ specification
Result: NOTE
Specified C++11: please drop specification unless essential
Flavors: r-devel-linux-x86_64-debian-clang, r-devel-linux-x86_64-debian-gcc, r-devel-linux-x86_64-fedora-clang, r-devel-linux-x86_64-fedora-gcc, r-devel-windows-x86_64, r-patched-linux-x86_64, r-release-linux-x86_64, r-release-macos-arm64, r-release-windows-x86_64, r-oldrel-macos-arm64, r-oldrel-macos-x86_64, r-oldrel-windows-x86_64