Last updated on 2025-10-25 07:49:23 CEST.
| Flavor | Version | Tinstall | Tcheck | Ttotal | Status | Flags |
|---|---|---|---|---|---|---|
| r-devel-linux-x86_64-debian-clang | 0.0.1 | 30.31 | 268.52 | 298.83 | NOTE | |
| r-devel-linux-x86_64-debian-gcc | 0.0.1 | 17.98 | 164.46 | 182.44 | NOTE | |
| r-devel-linux-x86_64-fedora-clang | 0.0.1 | 69.00 | 398.62 | 467.62 | OK | |
| r-devel-linux-x86_64-fedora-gcc | 0.0.1 | 145.00 | 346.17 | 491.17 | NOTE | |
| r-devel-windows-x86_64 | 0.0.1 | 28.00 | 203.00 | 231.00 | OK | |
| r-patched-linux-x86_64 | 0.0.1 | 30.40 | 254.05 | 284.45 | OK | |
| r-release-linux-x86_64 | 0.0.1 | 29.11 | 251.04 | 280.15 | OK | |
| r-release-macos-arm64 | 0.0.1 | 14.00 | 91.00 | 105.00 | OK | |
| r-release-macos-x86_64 | 0.0.1 | 24.00 | 190.00 | 214.00 | OK | |
| r-release-windows-x86_64 | 0.0.1 | 28.00 | 202.00 | 230.00 | OK | |
| r-oldrel-macos-arm64 | 0.0.1 | 12.00 | 86.00 | 98.00 | OK | |
| r-oldrel-macos-x86_64 | 0.0.1 | 19.00 | 167.00 | 186.00 | OK | |
| r-oldrel-windows-x86_64 | 0.0.1 | 38.00 | 287.00 | 325.00 | OK |
Version: 0.0.1
Check: CRAN incoming feasibility
Result: NOTE
Maintainer: ‘Michael D. Sumner <mdsumner@gmail.com>’
Found the following (possibly) invalid file URI:
URI: CONDUCT.md
From: README.md
Flavors: r-devel-linux-x86_64-debian-clang, r-devel-linux-x86_64-debian-gcc
Version: 0.0.1
Check: Rd files
Result: NOTE
checkRd: (-1) angstroms.Rd:13-22: Only 2 columns allowed in this table (row 4 has 1)
Flavors: r-devel-linux-x86_64-debian-clang, r-devel-linux-x86_64-debian-gcc, r-devel-linux-x86_64-fedora-gcc