Last updated on 2025-07-03 07:50:31 CEST.
Flavor | Version | Tinstall | Tcheck | Ttotal | Status | Flags |
---|---|---|---|---|---|---|
r-devel-linux-x86_64-debian-clang | 1.3.0 | 57.88 | 573.80 | 631.68 | NOTE | |
r-devel-linux-x86_64-debian-gcc | 1.3.0 | 40.28 | 398.71 | 438.99 | NOTE | |
r-devel-linux-x86_64-fedora-clang | 1.3.0 | 967.79 | NOTE | |||
r-devel-linux-x86_64-fedora-gcc | 1.3.0 | 947.49 | NOTE | |||
r-devel-windows-x86_64 | 1.3.0 | 59.00 | 653.00 | 712.00 | NOTE | |
r-patched-linux-x86_64 | 1.3.0 | 55.44 | 545.78 | 601.22 | NOTE | |
r-release-linux-x86_64 | 1.3.0 | 52.92 | 541.26 | 594.18 | NOTE | |
r-release-macos-arm64 | 1.3.0 | 257.00 | NOTE | |||
r-release-macos-x86_64 | 1.3.0 | 538.00 | NOTE | |||
r-release-windows-x86_64 | 1.3.0 | 60.00 | 644.00 | 704.00 | NOTE | |
r-oldrel-macos-arm64 | 1.3.0 | 250.00 | NOTE | |||
r-oldrel-macos-x86_64 | 1.3.0 | 390.00 | NOTE | |||
r-oldrel-windows-x86_64 | 1.3.0 | 80.00 | 792.00 | 872.00 | NOTE |
Version: 1.3.0
Check: Rd files
Result: NOTE
checkRd: (-1) buildPhylipLineage.Rd:61: Lost braces; missing escapes or markup?
61 | names with the format {"Inferred1", "Inferred2", ...}.
| ^
Flavors: r-devel-linux-x86_64-debian-clang, r-devel-linux-x86_64-debian-gcc, r-devel-linux-x86_64-fedora-clang, r-devel-linux-x86_64-fedora-gcc, r-devel-windows-x86_64, r-patched-linux-x86_64, r-release-linux-x86_64, r-release-macos-arm64, r-release-macos-x86_64, r-release-windows-x86_64, r-oldrel-macos-arm64, r-oldrel-macos-x86_64, r-oldrel-windows-x86_64
Version: 1.3.0
Check: Rd cross-references
Result: NOTE
Found the following Rd file(s) with Rd \link{} targets missing package
anchors:
gridPlot.Rd: ggplot
plotAbundanceCurve.Rd: ggplot
plotDiversityCurve.Rd: ggplot
plotDiversityTest.Rd: ggplot
Please provide package anchors for all Rd \link{} targets not in the
package itself and the base packages.
Flavors: r-devel-linux-x86_64-debian-clang, r-devel-linux-x86_64-debian-gcc, r-devel-windows-x86_64, r-patched-linux-x86_64, r-release-linux-x86_64, r-release-windows-x86_64