Last updated on 2025-10-22 07:50:07 CEST.
Flavor | Version | Tinstall | Tcheck | Ttotal | Status | Flags |
---|---|---|---|---|---|---|
r-devel-linux-x86_64-debian-clang | 0.1.4 | 17.78 | 169.47 | 187.25 | NOTE | |
r-devel-linux-x86_64-debian-gcc | 0.1.4 | 14.00 | 116.77 | 130.77 | NOTE | |
r-devel-linux-x86_64-fedora-clang | 0.1.4 | 94.00 | 203.69 | 297.69 | OK | |
r-devel-linux-x86_64-fedora-gcc | 0.1.4 | 37.00 | 243.92 | 280.92 | OK | |
r-devel-windows-x86_64 | 0.1.4 | 18.00 | 158.00 | 176.00 | OK | |
r-patched-linux-x86_64 | 0.1.4 | 17.18 | 154.07 | 171.25 | OK | |
r-release-linux-x86_64 | 0.1.4 | 15.49 | 157.26 | 172.75 | OK | |
r-release-macos-arm64 | 0.1.4 | 7.00 | 70.00 | 77.00 | OK | |
r-release-macos-x86_64 | 0.1.4 | 14.00 | 136.00 | 150.00 | OK | |
r-release-windows-x86_64 | 0.1.4 | 17.00 | 156.00 | 173.00 | OK | |
r-oldrel-macos-arm64 | 0.1.4 | 8.00 | 76.00 | 84.00 | OK | |
r-oldrel-macos-x86_64 | 0.1.4 | 14.00 | 163.00 | 177.00 | OK | |
r-oldrel-windows-x86_64 | 0.1.4 | 27.00 | 223.00 | 250.00 | OK |
Version: 0.1.4
Check: HTML version of manual
Result: NOTE
Found the following HTML validation problems:
h2o_tune.html:47:1 (h2o_tune.Rd:11): Warning: missing </ul> before </div>
Flavors: r-devel-linux-x86_64-debian-clang, r-devel-linux-x86_64-debian-gcc